{"id":887,"date":"2024-01-19T16:08:26","date_gmt":"2024-01-19T16:08:26","guid":{"rendered":"https:\/\/audiomed.com.pl\/apt\/?post_type=product&#038;p=887"},"modified":"2024-01-19T16:08:28","modified_gmt":"2024-01-19T16:08:28","slug":"relaton","status":"publish","type":"product","link":"https:\/\/audiomed.com.pl\/apt\/produkty\/relaton\/","title":{"rendered":"Relaton"},"content":{"rendered":"\n<p>Relaton to suplement przeznaczony do zwalczania problem\u00f3w ze s\u0142uchem, takich jak brz\u0119czenie, b\u00f3l, dyskomfort i gwizdanie. Bez wzgl\u0119du na przyczyn\u0119 tych zaburze\u0144, negatywny wp\u0142yw na jako\u015b\u0107 \u017cycia os\u00f3b, kt\u00f3re na nie cierpi\u0105, jest ogromny. Percepcja d\u017awi\u0119k\u00f3w i d\u017awi\u0119k\u00f3w wok\u00f3\u0142 nas mo\u017ce by\u0107 os\u0142abiona, utrudniaj\u0105c nawet proste zadania, takie jak rozmowa przez telefon i koncentracja. Osobi\u015bcie zawsze uwa\u017ca\u0142em za frustruj\u0105ce, \u017ce nie jestem w stanie jasno zrozumie\u0107, co mi si\u0119 m\u00f3wi, lub musz\u0119 podj\u0105\u0107 wi\u0119kszy wysi\u0142ek, aby dostrzec D\u017awi\u0119ki.<\/p>\n\n\n\n<h2 class=\"wp-block-heading\">Czym jest Relaton?<\/h2>\n\n\n\n<p>Relaton zwi\u0105zek jest naturalnym lekarstwem na szum w uszach i inne problemy ze s\u0142uchem. Suplement diety jest bardzo skuteczny. W badaniach klinicznych skuteczno\u015b\u0107 zosta\u0142a udowodniona w ponad 94% przypadk\u00f3w. Zwi\u0105zek s\u0142u\u017cy poprawie s\u0142uchu i przywr\u00f3ceniu go. Jako efekt uboczny ci\u0105g\u0142y b\u00f3l g\u0142owy ust\u0105pi i nie wr\u00f3ci.<\/p>\n\n\n\n<p>Producent wyja\u015bnia sukces zwi\u0105zku z szumami usznymi (szum w uszach) swoim naturalnym sk\u0142adem. Zawarto\u015b\u0107 produktu nie tylko wyostrza zdolno\u015b\u0107 s\u0142yszenia, Relaton ale tak\u017ce zwi\u0119ksza og\u00f3ln\u0105 odporno\u015b\u0107 organizmu. Poszczeg\u00f3lne sk\u0142adniki maj\u0105 zdolno\u015b\u0107 ochrony przed rozwojem infekcji ucha i wnikaniem niebezpiecznych bakterii i paso\u017cyt\u00f3w.<\/p>\n\n\n\n<h2 class=\"wp-block-heading\">Wskazania do stosowania Relaton<\/h2>\n\n\n\n<p>Relaton nadaje si\u0119 do leczenia i zapobiegania wielu powszechnym chorobom. Skuteczny w leczeniu zapalenia b\u0142\u0119dnika, otomikozy, zapalenia ucha \u015brodkowego, zapalenia wyrostka sutkowatego, zapalenia neuron\u00f3w i innych chor\u00f3b. Jest r\u00f3wnie\u017c skuteczny w przypadku utraty s\u0142uchu. Opr\u00f3cz g\u0142\u00f3wnych dzia\u0142a\u0144 farmakologicznych, przyjmowanie leku zwi\u0119ksza odporno\u015b\u0107, kompozycja ma pozytywny wp\u0142yw na stan uk\u0142adu nerwowego i wype\u0142nia organizm niezb\u0119dnymi przeciwutleniaczami.Indywidualna nietolerancja niekt\u00f3rych sk\u0142adnik\u00f3w sk\u0142adu leku. Odpowiedni dla wszystkich grup wiekowych, mo\u017cna go przyjmowa\u0107 razem z innymi lekami.<\/p>\n\n\n\n<h2 class=\"wp-block-heading\">Efekty stosowania \u2013 Jak dzia\u0142a Relaton<\/h2>\n\n\n\n<p>Teraz, gdy przekaza\u0142em Ci informacje na temat sk\u0142adu tabletek Relaton, mo\u017cesz czu\u0107 si\u0119 bardziej swobodnie o nichbezpiecze\u0144stwo i skuteczno\u015b\u0107. W rzeczywisto\u015bci wa\u017cne jest, aby wiedzie\u0107, co bierzesz i jakich efekt\u00f3w mo\u017cesz si\u0119 spodziewa\u0107.<\/p>\n\n\n\n<p>Naturalne Relaton s\u0105 bardzo pozytywnym aspektem: w rzeczywisto\u015bci, je\u015bli chodzi o suplementy diety, naturalno\u015b\u0107 sk\u0142adnik\u00f3w mo\u017ce mie\u0107 wp\u0142yw na wyb\u00f3r produktu. Dzieje si\u0119 tak, poniewa\u017c naturalne sk\u0142adniki s\u0105 cz\u0119sto uwa\u017cane za bezpieczniejsze i lepiej tolerowane przez nasz organizm.<\/p>\n\n\n\n<h2 class=\"wp-block-heading\">Sk\u0142adniki \u2013 Co zawiera Relaton<\/h2>\n\n\n\n<p>Lista sk\u0142adnik\u00f3w zawartych w Relaton jest do\u015b\u0107 d\u0142uga, ale og\u00f3lnie wydaje si\u0119, \u017ce wszystkie sk\u0142adniki zosta\u0142y wybrane ze wzgl\u0119du na ich zdolno\u015b\u0107pom\u00f3c zdrowiu uchui s\u0142uchu, sk\u0142adniki Relaton a tym samym pom\u00f3c w zapobieganiu i zwalczaniu problem\u00f3w ze s\u0142uchem.<\/p>\n\n\n\n<p>Oto lista sk\u0142adnik\u00f3w, kt\u00f3re sk\u0142adaj\u0105 si\u0119 na formu\u0142\u0119 Relaton:<\/p>\n\n\n\n<ul class=\"wp-block-list\">\n<li><strong>Ginkgo biloba<\/strong>: pomog\u0142oby w przypadku uraz\u00f3w ucha i zwalczy\u0142oby irytuj\u0105ce dzwonienie z powodu problem\u00f3w ze s\u0142uchem;<\/li>\n\n\n\n<li><strong>Melatonina<\/strong>: nie tylko promuje sen, ale powinna r\u00f3wnie\u017c pom\u00f3c w zdrowiu kom\u00f3rek ucha;<\/li>\n\n\n\n<li><strong>Witaminy z grupy B<\/strong>: ich aktywne sk\u0142adniki powinny mie\u0107 dzia\u0142anie przeciwutleniaj\u0105ce i wspomaga\u0107 naczynia krwiono\u015bne w pobli\u017cu uszu;<\/li>\n\n\n\n<li><strong>Magnez<\/strong>: odgrywa wa\u017cn\u0105 rol\u0119 w zdrowiu uk\u0142adu nerwowego i s\u0142uchowego.<\/li>\n<\/ul>\n\n\n\n<p>Mo\u017cesz si\u0119 zastanawia\u0107, czy te kapsu\u0142ki maj\u0105 jakiekolwiek skutki uboczne lub przeciwwskazania.<\/p>\n\n\n\n<h2 class=\"wp-block-heading\">Cena Relaton<\/h2>\n\n\n\n<p>Prawdopodobnie my\u015blisz, \u017ce posiadanie informacji na temat ceny kapsu\u0142ek Relaton jest dla Ciebie wa\u017cne i tak naprawd\u0119 jest. Je\u015bli chodzi o zakup produktu, znajomo\u015b\u0107 ceny jest niezb\u0119dna do dokonania \u015bwiadomego wyboru. Niestety nie jeste\u015bmy w stanie udzieli\u0107 cena Relaton ci tych informacji, poniewa\u017c cena cz\u0119sto si\u0119 zmienia i zale\u017cy od aktualnych ofert i rabat\u00f3w.<\/p>\n\n\n\n<p>Dlatego sugerujemy odwiedzenie bezpo\u015brednio oficjalnej strony producenta, aby uzyska\u0107 dok\u0142adne informacje na temat ceny kapsu\u0142ek. Mo\u017cna tam r\u00f3wnie\u017c znale\u017a\u0107 dalsze informacje o produkcie, jego sk\u0142adnikach i zalecanych dawkach.<\/p>\n\n\n\n<h2 class=\"wp-block-heading\">Relaton opinie \u2013 recenzje u\u017cytkownik\u00f3w o produkcie<\/h2>\n\n\n\n<p>Je\u015bli nadal zastanawiasz si\u0119 nad zakupem Relaton, pomocne mog\u0105 by\u0107 r\u00f3wnie\u017c opinie klient\u00f3w na innych stronach internetowych. Istnieje kilka portali z recenzjami, Relaton opinie na kt\u00f3rych u\u017cytkownicy mog\u0105 zostawia\u0107 komentarze i oceny na temat zakupionych produkt\u00f3w, a Relaton nie jest wyj\u0105tkiem.<\/p>\n\n\n\n<p>Jednak wa\u017cne jest, aby uwa\u017ca\u0107, aby nie \u015blepo ufa\u0107 ka\u017cdej recenzji: czasami mo\u017cna nimi manipulowa\u0107 lub nieprawdzi\u0107. W ka\u017cdym razie przeczytaj opinieopinie z wielu \u017ar\u00f3de\u0142mo\u017ce pom\u00f3c ci uzyska\u0107 dok\u0142adniejsze wyobra\u017cenie o produkcie i jego skuteczno\u015bci.<\/p>\n\n\n\n<h2 class=\"wp-block-heading\">Spos\u00f3b przyjmowania \u2013 Jak stosowa\u0107 Relaton<\/h2>\n\n\n\n<p>Sukces Relaton wynika w du\u017cej mierze z faktu, \u017ce nie ma przeciwwskaza\u0144 i nie oddzia\u0142uje negatywnie z \u017cadnymi lekami, poniewa\u017c wszystkie sk\u0142adniki wchodz\u0105ce w sk\u0142ad tabletek s\u0105 naturalne i nie maj\u0105 szkodliwych skutk\u00f3w ubocznych.<\/p>\n\n\n\n<p>Ten produkt jest wysoce zalecany, ale je\u015bli cierpisz na powa\u017cne schorzenia, takie jak rak lub stany os\u0142abiaj\u0105ce odpowied\u017a uk\u0142adu odporno\u015bciowego, bardzo wa\u017cne jest, aby skonsultowa\u0107 si\u0119 z lekarzem w sprawie jego stosowania. Podobnie, je\u015bli jeste\u015b w trakcie leczenia uzale\u017cnie\u0144 od szum\u00f3w usznych, wyja\u015bnij swojemu lekarzowi, \u017ce chcesz stosowa\u0107 Relaton, aby unikn\u0105\u0107 komplikacji zdrowotnych.<\/p>\n\n\n\n<h2 class=\"wp-block-heading\">Gdzie kupi\u0107 kapsu\u0142ki Relaton: apteka, Amazon czy oficjalna strona producenta<\/h2>\n\n\n\n<p>Rozumiem, \u017ce twoje badania nad Relaton prowadz\u0105 ci\u0119 do zastanowienia si\u0119, gdzie mo\u017cesz go bezpiecznie kupi\u0107. Je\u015bli my\u015blisz o aptekach, wiedz oficjalna strona producenta Relaton \u017ce ten produkt nie jest sprzedawany w tych miejscach. Je\u015bli wi\u0119c szukasz w Internecie, unikaj wpisywania s\u0142\u00f3w takich jak&#8221;Relaton pharmacy&#8221;.<\/p>\n\n\n\n<p>Ponadto, poniewa\u017c firma produkcyjna zdecydowa\u0142a si\u0119 sprzeda\u0107 produkt tylko za po\u015brednictwem oficjalnej strony internetowej. Gwarantuje to, \u017ce mo\u017cesz kupi\u0107 naturalny suplement, apteka kt\u00f3ry ma pom\u00f3c w walce z problemami ze s\u0142uchem w bezpieczny i autentyczny spos\u00f3b.<\/p>\n\n\n\n<p>Na oficjalnej stronie znajdziesz pomoc w ca\u0142ym procesie zakupu, od wyboru produktu po dostaw\u0119. Wi\u0119c je\u015bli szukasz gdzie kupi\u0107 relacj\u0119 Oficjalna strona producenta jest jedyn\u0105 opcj\u0105, o kt\u00f3rej musisz pomy\u015ble\u0107.<\/p>\n\n\n\n<h2 class=\"wp-block-heading\">Najcz\u0119\u015bciej zadawane pytania<\/h2>\n\n\n\n<h3 class=\"wp-block-heading\">W jakim celu stosuje si\u0119 Relaton?<\/h3>\n\n\n\n<p>Mocn\u0105 stron\u0105 tego produktu jest z pewno\u015bci\u0105 fakt, \u017ce jest to rozwi\u0105zanie, Relaton kt\u00f3re naprawd\u0119 dzia\u0142a.<\/p>\n\n\n\n<h3 class=\"wp-block-heading\">Jakie s\u0105 opinie lekarzy na temat Relaton?<\/h3>\n\n\n\n<p>Stosuj\u0119 Relaton w profilaktyce i poradnictwie dla moich pacjent\u00f3w. Wi\u0119kszo\u015b\u0107 naturalnych sk\u0142adnik\u00f3w leku jest dobrze tolerowana.<\/p>\n","protected":false},"excerpt":{"rendered":"<p>Relaton to suplement przeznaczony do zwalczania problem\u00f3w ze s\u0142uchem, takich jak brz\u0119czenie, b\u00f3l, dyskomfort i gwizdanie. Bez wzgl\u0119du na przyczyn\u0119 tych zaburze\u0144, negatywny wp\u0142yw na jako\u015b\u0107 \u017cycia os\u00f3b, kt\u00f3re na nie cierpi\u0105, jest ogromny. Percepcja d\u017awi\u0119k\u00f3w i d\u017awi\u0119k\u00f3w wok\u00f3\u0142 nas mo\u017ce by\u0107 os\u0142abiona, utrudniaj\u0105c nawet proste zadania, takie jak rozmowa przez telefon i koncentracja. Osobi\u015bcie &#8230; <a title=\"Relaton\" class=\"read-more\" href=\"https:\/\/audiomed.com.pl\/apt\/produkty\/relaton\/\" aria-label=\"More on Relaton\">Czytaj dalej<\/a><\/p>\n","protected":false},"featured_media":891,"comment_status":"open","ping_status":"closed","template":"","meta":{"_uag_custom_page_level_css":""},"product_brand":[],"product_cat":[23],"product_tag":[],"class_list":{"0":"post-887","1":"product","2":"type-product","3":"status-publish","4":"has-post-thumbnail","6":"product_cat-zdrowie","7":"sales-flash-overlay","8":"woocommerce-text-align-center","9":"woocommerce-image-align-center","10":"do-quantity-buttons","12":"first","13":"instock","14":"sale","15":"shipping-taxable","16":"product-type-external"},"yoast_head":"<!-- This site is optimized with the Yoast SEO plugin v27.5 - https:\/\/yoast.com\/product\/yoast-seo-wordpress\/ -->\n<title>Relaton kapsu\u0142ki - opinie, cena, sk\u0142ad, efekty 2024<\/title>\n<meta name=\"description\" content=\"Poprawia naturalny s\u0142uch na poziomie kom\u00f3rkowym! Spr\u00f3buj! Relaton!\" \/>\n<meta name=\"robots\" content=\"index, follow, max-snippet:-1, max-image-preview:large, max-video-preview:-1\" \/>\n<link rel=\"canonical\" href=\"https:\/\/audiomed.com.pl\/apt\/produkty\/relaton\/\" \/>\n<meta property=\"og:locale\" content=\"pl_PL\" \/>\n<meta property=\"og:type\" content=\"article\" \/>\n<meta property=\"og:title\" content=\"Relaton kapsu\u0142ki - opinie, cena, sk\u0142ad, efekty 2024\" \/>\n<meta property=\"og:description\" content=\"Poprawia naturalny s\u0142uch na poziomie kom\u00f3rkowym! Spr\u00f3buj! Relaton!\" \/>\n<meta property=\"og:url\" content=\"https:\/\/audiomed.com.pl\/apt\/produkty\/relaton\/\" \/>\n<meta property=\"og:site_name\" content=\"Audiomed\" \/>\n<meta property=\"article:modified_time\" content=\"2024-01-19T16:08:28+00:00\" \/>\n<meta property=\"og:image\" content=\"https:\/\/audiomed.com.pl\/apt\/wp-content\/uploads\/2024\/01\/Relaton.png\" \/>\n\t<meta property=\"og:image:width\" content=\"400\" \/>\n\t<meta property=\"og:image:height\" content=\"400\" \/>\n\t<meta property=\"og:image:type\" content=\"image\/png\" \/>\n<meta name=\"twitter:card\" content=\"summary_large_image\" \/>\n<meta name=\"twitter:label1\" content=\"Szacowany czas czytania\" \/>\n\t<meta name=\"twitter:data1\" content=\"6 minut\" \/>\n<script type=\"application\/ld+json\" class=\"yoast-schema-graph\">{\"@context\":\"https:\\\/\\\/schema.org\",\"@graph\":[{\"@type\":\"WebPage\",\"@id\":\"https:\\\/\\\/audiomed.com.pl\\\/apt\\\/produkty\\\/relaton\\\/\",\"url\":\"https:\\\/\\\/audiomed.com.pl\\\/apt\\\/produkty\\\/relaton\\\/\",\"name\":\"Relaton kapsu\u0142ki - opinie, cena, sk\u0142ad, efekty 2024\",\"isPartOf\":{\"@id\":\"http:\\\/\\\/audiomed.com.pl\\\/apt\\\/#website\"},\"primaryImageOfPage\":{\"@id\":\"https:\\\/\\\/audiomed.com.pl\\\/apt\\\/produkty\\\/relaton\\\/#primaryimage\"},\"image\":{\"@id\":\"https:\\\/\\\/audiomed.com.pl\\\/apt\\\/produkty\\\/relaton\\\/#primaryimage\"},\"thumbnailUrl\":\"https:\\\/\\\/audiomed.com.pl\\\/apt\\\/wp-content\\\/uploads\\\/2024\\\/01\\\/Relaton.png\",\"datePublished\":\"2024-01-19T16:08:26+00:00\",\"dateModified\":\"2024-01-19T16:08:28+00:00\",\"description\":\"Poprawia naturalny s\u0142uch na poziomie kom\u00f3rkowym! Spr\u00f3buj! Relaton!\",\"breadcrumb\":{\"@id\":\"https:\\\/\\\/audiomed.com.pl\\\/apt\\\/produkty\\\/relaton\\\/#breadcrumb\"},\"inLanguage\":\"pl-PL\",\"potentialAction\":[{\"@type\":\"ReadAction\",\"target\":[\"https:\\\/\\\/audiomed.com.pl\\\/apt\\\/produkty\\\/relaton\\\/\"]}]},{\"@type\":\"ImageObject\",\"inLanguage\":\"pl-PL\",\"@id\":\"https:\\\/\\\/audiomed.com.pl\\\/apt\\\/produkty\\\/relaton\\\/#primaryimage\",\"url\":\"https:\\\/\\\/audiomed.com.pl\\\/apt\\\/wp-content\\\/uploads\\\/2024\\\/01\\\/Relaton.png\",\"contentUrl\":\"https:\\\/\\\/audiomed.com.pl\\\/apt\\\/wp-content\\\/uploads\\\/2024\\\/01\\\/Relaton.png\",\"width\":400,\"height\":400,\"caption\":\"Relaton\"},{\"@type\":\"BreadcrumbList\",\"@id\":\"https:\\\/\\\/audiomed.com.pl\\\/apt\\\/produkty\\\/relaton\\\/#breadcrumb\",\"itemListElement\":[{\"@type\":\"ListItem\",\"position\":1,\"name\":\"Home\",\"item\":\"http:\\\/\\\/audiomed.com.pl\\\/apt\\\/\"},{\"@type\":\"ListItem\",\"position\":2,\"name\":\"Produkty\",\"item\":\"http:\\\/\\\/audiomed.com.pl\\\/apt\\\/\"},{\"@type\":\"ListItem\",\"position\":3,\"name\":\"Relaton\"}]},{\"@type\":\"WebSite\",\"@id\":\"http:\\\/\\\/audiomed.com.pl\\\/apt\\\/#website\",\"url\":\"http:\\\/\\\/audiomed.com.pl\\\/apt\\\/\",\"name\":\"Audiomed\",\"description\":\"\",\"potentialAction\":[{\"@type\":\"SearchAction\",\"target\":{\"@type\":\"EntryPoint\",\"urlTemplate\":\"http:\\\/\\\/audiomed.com.pl\\\/apt\\\/?s={search_term_string}\"},\"query-input\":{\"@type\":\"PropertyValueSpecification\",\"valueRequired\":true,\"valueName\":\"search_term_string\"}}],\"inLanguage\":\"pl-PL\"}]}<\/script>\n<!-- \/ Yoast SEO plugin. -->","yoast_head_json":{"title":"Relaton kapsu\u0142ki - opinie, cena, sk\u0142ad, efekty 2024","description":"Poprawia naturalny s\u0142uch na poziomie kom\u00f3rkowym! Spr\u00f3buj! Relaton!","robots":{"index":"index","follow":"follow","max-snippet":"max-snippet:-1","max-image-preview":"max-image-preview:large","max-video-preview":"max-video-preview:-1"},"canonical":"https:\/\/audiomed.com.pl\/apt\/produkty\/relaton\/","og_locale":"pl_PL","og_type":"article","og_title":"Relaton kapsu\u0142ki - opinie, cena, sk\u0142ad, efekty 2024","og_description":"Poprawia naturalny s\u0142uch na poziomie kom\u00f3rkowym! Spr\u00f3buj! Relaton!","og_url":"https:\/\/audiomed.com.pl\/apt\/produkty\/relaton\/","og_site_name":"Audiomed","article_modified_time":"2024-01-19T16:08:28+00:00","og_image":[{"width":400,"height":400,"url":"https:\/\/audiomed.com.pl\/apt\/wp-content\/uploads\/2024\/01\/Relaton.png","type":"image\/png"}],"twitter_card":"summary_large_image","twitter_misc":{"Szacowany czas czytania":"6 minut"},"schema":{"@context":"https:\/\/schema.org","@graph":[{"@type":"WebPage","@id":"https:\/\/audiomed.com.pl\/apt\/produkty\/relaton\/","url":"https:\/\/audiomed.com.pl\/apt\/produkty\/relaton\/","name":"Relaton kapsu\u0142ki - opinie, cena, sk\u0142ad, efekty 2024","isPartOf":{"@id":"http:\/\/audiomed.com.pl\/apt\/#website"},"primaryImageOfPage":{"@id":"https:\/\/audiomed.com.pl\/apt\/produkty\/relaton\/#primaryimage"},"image":{"@id":"https:\/\/audiomed.com.pl\/apt\/produkty\/relaton\/#primaryimage"},"thumbnailUrl":"https:\/\/audiomed.com.pl\/apt\/wp-content\/uploads\/2024\/01\/Relaton.png","datePublished":"2024-01-19T16:08:26+00:00","dateModified":"2024-01-19T16:08:28+00:00","description":"Poprawia naturalny s\u0142uch na poziomie kom\u00f3rkowym! Spr\u00f3buj! Relaton!","breadcrumb":{"@id":"https:\/\/audiomed.com.pl\/apt\/produkty\/relaton\/#breadcrumb"},"inLanguage":"pl-PL","potentialAction":[{"@type":"ReadAction","target":["https:\/\/audiomed.com.pl\/apt\/produkty\/relaton\/"]}]},{"@type":"ImageObject","inLanguage":"pl-PL","@id":"https:\/\/audiomed.com.pl\/apt\/produkty\/relaton\/#primaryimage","url":"https:\/\/audiomed.com.pl\/apt\/wp-content\/uploads\/2024\/01\/Relaton.png","contentUrl":"https:\/\/audiomed.com.pl\/apt\/wp-content\/uploads\/2024\/01\/Relaton.png","width":400,"height":400,"caption":"Relaton"},{"@type":"BreadcrumbList","@id":"https:\/\/audiomed.com.pl\/apt\/produkty\/relaton\/#breadcrumb","itemListElement":[{"@type":"ListItem","position":1,"name":"Home","item":"http:\/\/audiomed.com.pl\/apt\/"},{"@type":"ListItem","position":2,"name":"Produkty","item":"http:\/\/audiomed.com.pl\/apt\/"},{"@type":"ListItem","position":3,"name":"Relaton"}]},{"@type":"WebSite","@id":"http:\/\/audiomed.com.pl\/apt\/#website","url":"http:\/\/audiomed.com.pl\/apt\/","name":"Audiomed","description":"","potentialAction":[{"@type":"SearchAction","target":{"@type":"EntryPoint","urlTemplate":"http:\/\/audiomed.com.pl\/apt\/?s={search_term_string}"},"query-input":{"@type":"PropertyValueSpecification","valueRequired":true,"valueName":"search_term_string"}}],"inLanguage":"pl-PL"}]}},"uagb_featured_image_src":{"full":["https:\/\/audiomed.com.pl\/apt\/wp-content\/uploads\/2024\/01\/Relaton.png",400,400,false],"thumbnail":["https:\/\/audiomed.com.pl\/apt\/wp-content\/uploads\/2024\/01\/Relaton-150x150.png",150,150,true],"medium":["https:\/\/audiomed.com.pl\/apt\/wp-content\/uploads\/2024\/01\/Relaton-300x300.png",300,300,true],"medium_large":["https:\/\/audiomed.com.pl\/apt\/wp-content\/uploads\/2024\/01\/Relaton.png",400,400,false],"large":["https:\/\/audiomed.com.pl\/apt\/wp-content\/uploads\/2024\/01\/Relaton.png",400,400,false],"1536x1536":["https:\/\/audiomed.com.pl\/apt\/wp-content\/uploads\/2024\/01\/Relaton.png",400,400,false],"2048x2048":["https:\/\/audiomed.com.pl\/apt\/wp-content\/uploads\/2024\/01\/Relaton.png",400,400,false],"woocommerce_thumbnail":["https:\/\/audiomed.com.pl\/apt\/wp-content\/uploads\/2024\/01\/Relaton-300x300.png",300,300,true],"woocommerce_single":["https:\/\/audiomed.com.pl\/apt\/wp-content\/uploads\/2024\/01\/Relaton.png",400,400,false],"woocommerce_gallery_thumbnail":["https:\/\/audiomed.com.pl\/apt\/wp-content\/uploads\/2024\/01\/Relaton-100x100.png",100,100,true],"yarpp-thumbnail":["https:\/\/audiomed.com.pl\/apt\/wp-content\/uploads\/2024\/01\/Relaton-120x120.png",120,120,true]},"uagb_author_info":{"display_name":"Patrycja","author_link":"https:\/\/audiomed.com.pl\/apt\/author\/"},"uagb_comment_info":0,"uagb_excerpt":"Relaton to suplement przeznaczony do zwalczania problem\u00f3w ze s\u0142uchem, takich jak brz\u0119czenie, b\u00f3l, dyskomfort i gwizdanie. Bez wzgl\u0119du na przyczyn\u0119 tych zaburze\u0144, negatywny wp\u0142yw na jako\u015b\u0107 \u017cycia os\u00f3b, kt\u00f3re na nie cierpi\u0105, jest ogromny. Percepcja d\u017awi\u0119k\u00f3w i d\u017awi\u0119k\u00f3w wok\u00f3\u0142 nas mo\u017ce by\u0107 os\u0142abiona, utrudniaj\u0105c nawet proste zadania, takie jak rozmowa przez telefon i koncentracja. Osobi\u015bcie&hellip;","_links":{"self":[{"href":"https:\/\/audiomed.com.pl\/apt\/wp-json\/wp\/v2\/product\/887","targetHints":{"allow":["GET"]}}],"collection":[{"href":"https:\/\/audiomed.com.pl\/apt\/wp-json\/wp\/v2\/product"}],"about":[{"href":"https:\/\/audiomed.com.pl\/apt\/wp-json\/wp\/v2\/types\/product"}],"replies":[{"embeddable":true,"href":"https:\/\/audiomed.com.pl\/apt\/wp-json\/wp\/v2\/comments?post=887"}],"wp:featuredmedia":[{"embeddable":true,"href":"https:\/\/audiomed.com.pl\/apt\/wp-json\/wp\/v2\/media\/891"}],"wp:attachment":[{"href":"https:\/\/audiomed.com.pl\/apt\/wp-json\/wp\/v2\/media?parent=887"}],"wp:term":[{"taxonomy":"product_brand","embeddable":true,"href":"https:\/\/audiomed.com.pl\/apt\/wp-json\/wp\/v2\/product_brand?post=887"},{"taxonomy":"product_cat","embeddable":true,"href":"https:\/\/audiomed.com.pl\/apt\/wp-json\/wp\/v2\/product_cat?post=887"},{"taxonomy":"product_tag","embeddable":true,"href":"https:\/\/audiomed.com.pl\/apt\/wp-json\/wp\/v2\/product_tag?post=887"}],"curies":[{"name":"wp","href":"https:\/\/api.w.org\/{rel}","templated":true}]}}