{"id":795,"date":"2024-01-08T12:23:53","date_gmt":"2024-01-08T12:23:53","guid":{"rendered":"https:\/\/audiomed.com.pl\/apt\/?post_type=product&#038;p=795"},"modified":"2024-01-08T12:23:54","modified_gmt":"2024-01-08T12:23:54","slug":"densanox","status":"publish","type":"product","link":"https:\/\/audiomed.com.pl\/apt\/produkty\/densanox\/","title":{"rendered":"Densanox"},"content":{"rendered":"\n<p>Densanox to naturalny preparat na problem z wypadaniem w\u0142os\u00f3w. Preparat powinien wspom\u00f3c naturalne od\u017cywienie w\u0142os\u00f3w i sk\u00f3ry g\u0142owy, a tak\u017ce pobudzi\u0107 porost nowych w\u0142os\u00f3w.<\/p>\n\n\n\n<div style=\"height:20px\" aria-hidden=\"true\" class=\"wp-block-spacer\"><\/div>\n\n\n\n<figure class=\"wp-block-table is-style-regular\"><table class=\"has-fixed-layout\"><tbody><tr><td><strong>Nazwa produktu<\/strong><\/td><td>Densanox<\/td><\/tr><tr><td><strong>Zastosowanie<\/strong><\/td><td>na zdrowe w\u0142osy \ud83d\udc69\u200d\ud83e\uddb0<\/td><\/tr><tr><td><strong>Opinie<\/strong><\/td><td>\u2b50\u2b50\u2b50\u2b50\u2b50<\/td><\/tr><tr><td><strong>Cena<\/strong><\/td><td>157 PLN \ud83d\udcb5<\/td><\/tr><tr><td><strong>Typ produktu<\/strong><\/td><td>serum \ud83e\uddf4<\/td><\/tr><tr><td><strong>Dawka<\/strong><\/td><td>sprawd\u017a ulotk\u0119 \u23f0<\/td><\/tr><tr><td><strong>Sk\u0142ad<\/strong><\/td><td>Ro\u015blinne oleje bogate w kwasy omega 6 oraz omega 3\ud83c\udf43<br>Kompleks witaminowy\ud83c\udf43<br>Tarczyca bajkalska, kie\u0142ki soi i kie\u0142ki pszenicy\ud83c\udf43<br>Biotyna\ud83c\udf43<br>Sfingolipid\ud83c\udf43<\/td><\/tr><\/tbody><\/table><\/figure>\n\n\n\n<div style=\"height:20px\" aria-hidden=\"true\" class=\"wp-block-spacer\"><\/div>\n\n\n\n<h2 class=\"wp-block-heading\">Czym jest Densanox?<\/h2>\n\n\n\n<p>Densanox to serum, kt\u00f3ry powinien dzia\u0142a\u0107 w przypadku kiedy nasze w\u0142osy wypadaj\u0105, mamy cienkie w\u0142osy, kt\u00f3re rosn\u0105 powoli, oraz gdy sk\u00f3ra g\u0142owy jest podra\u017cniona. Stosowanie serum powinno od\u017cywi\u0107 i dotleni\u0107 sk\u00f3r\u0119 g\u0142owy, oraz nawil\u017cy\u0107 zniszczone i suche w\u0142osy.<\/p>\n\n\n\n<p>Densanox dzia\u0142a etapowo, najpierw od\u017cywcze sk\u0142adniki maj\u0105 za zadanie wnika\u0107 w g\u0142\u0105b sk\u00f3ry, aby j\u0105 od\u017cywi\u0107 oraz zapewni\u0107 odpowiednie kr\u0105\u017cenie krwi w sk\u00f3rze g\u0142owy. Odgrywaj\u0105 one wa\u017cn\u0105 rol\u0119 podczas wzrostu i kszta\u0142towania si\u0119 nowych w\u0142os\u00f3w.<\/p>\n\n\n\n<h2 class=\"wp-block-heading\">Wskazania do stosowania Densanox<\/h2>\n\n\n\n<p>Wskazaniem do stosowania preparatu jest problem z wypadaniem w\u0142os\u00f3w, spowolniony wzrost, czy te\u017c problemy sk\u00f3rne g\u0142owy. Sk\u0142adniki zawarte w tym preparacie maj\u0105 za zadanie piel\u0119gnowa\u0107 sk\u00f3r\u0119 g\u0142owy, poprawi\u0107 kondycj\u0119 mieszk\u00f3w w\u0142osowych, co jako skutek powinno poprawi\u0107 wzrost i wygl\u0105d naszych w\u0142os\u00f3w.<\/p>\n\n\n\n<h3 class=\"wp-block-heading\"><strong>Nadmierne wypadanie w\u0142os\u00f3w<\/strong><\/h3>\n\n\n\n<p>Nadmierne wypadanie w\u0142os\u00f3w, to problem, kt\u00f3ry nie tylko wp\u0142ywa na nasz\u0105 samopoczucie, ale tak\u017ce na to jak siebie postrzegamy. Preparat Densanox przeciw wypadaniu i niszczeniu w\u0142os\u00f3w powinien wnika\u0107 w g\u0142\u0105b w\u0142os\u00f3w i zahamowa\u0107 ich wypadanie.<\/p>\n\n\n\n<h3 class=\"wp-block-heading\"><strong>Powolne ro\u015bni\u0119cie w\u0142os\u00f3w<\/strong><\/h3>\n\n\n\n<p>Wolne t\u0119po wzrostu w\u0142os\u00f3w sprawia, \u017ce w\u0142osy staj\u0105 si\u0119 cienkie i \u0142amliwe. Oleje bogate w kwasy omega, kie\u0142ki soi powinny pobudza\u0107 mieszki w\u0142osowe i stymulowa\u0107 wzrost w\u0142os\u00f3w. Preparat dodatkowo ochrania istniej\u0105ce w\u0142osy oraz, jak twierdzi producent powinien wspom\u00f3c zatrzymanie \u0142ysienia.<\/p>\n\n\n\n<h3 class=\"wp-block-heading\"><strong>Problemy sk\u00f3ry g\u0142owy<\/strong><\/h3>\n\n\n\n<p>Sw\u0119dzenie nask\u00f3rka, \u0142upie\u017c, czy te\u017c przet\u0142uszczanie si\u0119 sk\u00f3ry na g\u0142owie, to g\u0142\u00f3wne nast\u0119pstwa niew\u0142a\u015bciwej piel\u0119gnacji w\u0142os\u00f3w. Sk\u0142adniki tego preparatu powinny wnika\u0107 w g\u0142\u0119bokie warstwy sk\u00f3ry, stymulowa\u0107 kr\u0105\u017cenie krwi w niej oraz odpowiednie natlenienie, kt\u00f3re poprawia kondycj\u0119 sk\u00f3ry g\u0142owy.<\/p>\n\n\n\n<h2 class=\"wp-block-heading\">Efekty stosowania \u2013 Jak dzia\u0142a serum Densanox?<\/h2>\n\n\n\n<ul class=\"wp-block-list\">\n<li>Serum powinno zahamowa\u0107 wypadanie w\u0142os\u00f3w i dostarcza\u0107 sk\u0142adniki od\u017cywcze w\u0142osom oraz sk\u00f3rze;<\/li>\n\n\n\n<li>Celem preparatu jest pobudzenie mieszk\u00f3w w\u0142osowych do wzrostu bujnych w\u0142os\u00f3w;<\/li>\n\n\n\n<li>Naturalny preparat powinien poprawi\u0107 kondycj\u0119 oraz struktur\u0119 w\u0142os\u00f3w;<\/li>\n\n\n\n<li>Serum wed\u0142ug producenta zawiera sk\u0142adniki kt\u00f3re wspomagaj\u0105 piel\u0119gnacj\u0119 sk\u00f3ry g\u0142owy, od\u017cywiaj\u0105 j\u0105 i pobudzaj\u0105 kr\u0105\u017cenie krwi w niej, co mo\u017ce mie\u0107 wp\u0142yw na szybszy odrost w\u0142os\u00f3w;<\/li>\n<\/ul>\n\n\n\n<h2 class=\"wp-block-heading\">Sk\u0142adniki \u2013 Co zawiera produkt Densanox?<\/h2>\n\n\n\n<p>Producent zastosowa\u0142 kompozycj\u0119 naturalnych sk\u0142adnik\u00f3w od\u017cywczych. Te sk\u0142adniki wzajemnie pot\u0119guj\u0105 swoje dzia\u0142anie i powinny wnika\u0107 w g\u0142\u0105b sk\u00f3ry jak i w struktur\u0119 w\u0142osa. Jak twierdzi producent, bogactwo sk\u0142adnik\u00f3w od\u017cywczych w tym preparacie powinno pom\u00f3c przy wypadaniu w\u0142os\u00f3w oraz pobudzi\u0107 sk\u00f3r\u0119 dla wzrostu nowych zdrowych w\u0142os\u00f3w.<\/p>\n\n\n\n<p>A w sk\u0142ad Densanox wchodz\u0105:<\/p>\n\n\n\n<ul class=\"wp-block-list\">\n<li><strong>Ro\u015blinne oleje bogate w kwasy omega 6 oraz omega 3<\/strong> &#8211; maj\u0105 za zadanie od\u017cywia\u0107, nawil\u017ca\u0107 sk\u00f3r\u0119 g\u0142owy i w\u0142osy.<\/li>\n\n\n\n<li><strong>Kompleks witaminowy<\/strong> &#8211; w kt\u00f3rego sk\u0142ad wchodz\u0105 witaminy z grupy A, E, B7, B5 i B8, powinny nawil\u017ca\u0107 sk\u00f3r\u0119 oraz w\u0142osy, m\u00f3wi si\u0119 tak\u017ce, \u017ce taki kompleks chroni kolor w\u0142os\u00f3w;<\/li>\n\n\n\n<li><strong>Tarczyca bajkalska, kie\u0142ki soi i kie\u0142ki pszenicy<\/strong> &#8211; ich zadaniem jest aktywacja wzrostu nowych kom\u00f3rek macierzystych mieszk\u00f3w w\u0142osowych. Dodatkowo jak twierdzi producenta od\u017cywiaj\u0105 mieszki w\u0142osowe i stymuluj\u0105 wzrost w\u0142os\u00f3w;<\/li>\n\n\n\n<li><strong>Biotyna<\/strong> &#8211; jest to sk\u0142adnik pomocniczy, kt\u00f3ry powinien wspom\u00f3c wch\u0142anianie si\u0119 sk\u0142adnik\u00f3w od\u017cywczych oraz witamin;<\/li>\n\n\n\n<li><strong>Sfingolipid<\/strong> &#8211; zapobiega utracie w\u0142os\u00f3w oraz r\u00f3wnowa\u017cy cykl odnowy w\u0142os\u00f3w, oraz powinien poprawi\u0107 stan sk\u00f3ry g\u0142owy;<\/li>\n<\/ul>\n\n\n\n<h2 class=\"wp-block-heading\">Cena Densanox<\/h2>\n\n\n\n<p>Cena Densanox znajduje si\u0119 na oficjalnej stronie internetowej produktu. Podana na stronie producenta cena mo\u017ce podlega\u0107 specjalnej zni\u017cce lub promocji ograniczonej czasowo. Dlatego te\u017c warto zagl\u0105da\u0107 na witryn\u0119 produktu regularnie, aby skorzysta\u0107 z najlepszej dla siebie oferty cenowej.<\/p>\n\n\n\n<h2 class=\"wp-block-heading\">Densanox opinie \u2013 recenzje u\u017cytkownik\u00f3w o produkcie<\/h2>\n\n\n\n<p>Podczas zakup\u00f3w najcz\u0119\u015bciej si\u0119gamy po recenzje i opinie innych u\u017cytkownik\u00f3w, kt\u00f3ry mieli ju\u017c styczno\u015b\u0107 z produktem. Pomaga nam to w podj\u0119ciu decyzji, czy aby produkt b\u0119dzie odpowiedni w\u0142a\u015bnie dla nas. Dlatego warto odwiedzi\u0107 oficjalne forum producenta, gdzie konsumenci dziel\u0105 si\u0119 do\u015bwiadczeniami. Znajdziemy na nim liczne komentarze oraz aktualne recenzje.<\/p>\n\n\n\n<p>W wi\u0119kszo\u015bci opinie na temat produktu wydaj\u0105 si\u0119 by\u0107 pozytywne. U\u017cytkownicy w du\u017cej mierze wygl\u0105daj\u0105 na zadowolonych z tego jak produkt aktywuje mieszki w\u0142osowe i pomaga w piel\u0119gnacji sk\u00f3rze g\u0142owy. W wi\u0119kszej cz\u0119\u015bci opinii wygl\u0105da na to, \u017ce panuje przekonanie, \u017ce produkt powinien zapobiega\u0107 wypadaniu w\u0142os\u00f3w. Inni za\u015b sugeruj\u0105, \u017ce produkt powinien dzia\u0142a\u0107 na rozdwajanie ko\u0144c\u00f3wek. W\u015br\u00f3d opinii wida\u0107 r\u00f3wnie\u017c, \u017ce produkt powinien pom\u00f3c u\u017cytkownikom uzyska\u0107 naturalne od\u017cywienie swoich w\u0142os\u00f3w.<\/p>\n\n\n\n<h2 class=\"wp-block-heading\">Spos\u00f3b aplikacji \u2013 Jak stosowa\u0107 Densanox?<\/h2>\n\n\n\n<p>Serum nale\u017cy nak\u0142ada\u0107 na oczyszczon\u0105 sk\u00f3r\u0119 g\u0142owy, dwa razy dziennie, przez okres oko\u0142o 6 tygodni. Je\u015bli chcemy pozna\u0107 dok\u0142adne etapy aplikacji preparatu, oraz jak dok\u0142adnie stosowa\u0107 serum Densanox, to te, jak i wiele innych informacji mo\u017ce zawiera\u0107 ulotka, kt\u00f3ra powinna by\u0107 do\u0142\u0105czona do ka\u017cdego opakowania produktu.<\/p>\n\n\n\n<h2 class=\"wp-block-heading\">Skutki uboczne serum Densanox<\/h2>\n\n\n\n<p>Jak twierdzi producent preparatu, preparat zawiera sk\u0142adniki przebadane klinicznie, ekstrakty ro\u015blinne oraz grupy witamin, kt\u00f3re nie powinny powodowa\u0107 skutk\u00f3w ubocznych, czy te\u017c nie powinny wyst\u0119powa\u0107 przeciwskazania do stosowania serum.<\/p>\n\n\n\n<h2 class=\"wp-block-heading\">Gdzie kupi\u0107 Densanox: apteka, Amazon czy oficjalna strona producenta?<\/h2>\n\n\n\n<p>Po zakup serum powinni\u015bmy uda\u0107 si\u0119 na oficjaln\u0105 stron\u0119 internetow\u0105 produktu, szczeg\u00f3lnie je\u015bli zale\u017cy nam na oryginalnej recepturze. Takie miejsca jak apteka, oraz drogeria, do kt\u00f3rych najcz\u0119\u015bciej udajemy si\u0119 po zakup suplement\u00f3w diety, czy innych preparat\u00f3w nie prowadz\u0105 sprzeda\u017cy tego serum. Nie otrzymamy go r\u00f3wnie\u017c online, w sklepach farmaceutycznych lub na du\u017cych platformach zakupowych, jak Allegro lub zagraniczny Ebay. Jedynym miejscem dystrybucji produktu jest jego oficjaln\u0105 witryna internetowa.<\/p>\n\n\n\n<h2 class=\"wp-block-heading\">Najcz\u0119\u015bciej zadawane pytania:<\/h2>\n\n\n\n<h3 class=\"wp-block-heading\">W jakim celu stosuje si\u0119 Densanox?<\/h3>\n\n\n\n<p>Wed\u0142ug producenta Densanox warto stosowa\u0107 kiedy borykamy si\u0119 z problemem wypadaj\u0105cych w\u0142os\u00f3w, preparat powinien stymulowa\u0107 wzrost w\u0142os\u00f3w oraz poprawi\u0107 kondycj\u0119 sk\u00f3ry g\u0142owy. Specjalnie dobrane sk\u0142adniki powinny poprawia\u0107 od\u017cywienie mieszk\u00f3w w\u0142osowych.<\/p>\n\n\n\n<h3 class=\"wp-block-heading\">Czy serum Densanox mo\u017ce powodowa\u0107 skutki uboczne?<\/h3>\n\n\n\n<p>Zdaniem producenta zastosowany naturalny wielowitaminowy kompleks od\u017cywczy nie powinien powodowa\u0107 nieprzyjemnych skutk\u00f3w ubocznych, a tak\u017ce nie mie\u0107 przeciwwskaza\u0144 do stosowania. Aczkolwiek przed zastosowaniem preparatu warto wykona\u0107 pr\u00f3b\u0119 alergiczn\u0105 na ma\u0142ej powierzchni sk\u00f3ry g\u0142owy.<\/p>\n\n\n\n<h3 class=\"wp-block-heading\">Jakie s\u0105 opinie lekarzy na temat serum Densanox?<\/h3>\n\n\n\n<p>Mo\u017cemy natkn\u0105\u0107 si\u0119 na wiele opinii lekarzy, lecz nie mo\u017cemy do ko\u0144ca potwierdzi\u0107 ich autentyczno\u015bci, dlatego przed zastosowaniem nowego produktu, zawsze warto zaznajomi\u0107 si\u0119 z ulotk\u0105.<\/p>\n\n\n\n<h3 class=\"wp-block-heading\">Gdzie mog\u0119 kupi\u0107 serum Densanox?<\/h3>\n\n\n\n<p>Oficjalna storna internetowa jest wy\u0142\u0105cznym sprzedawc\u0105 serum Densanox. Nie otrzymamy tego preparatu na porost w\u0142os\u00f3w w aptekach, powszechnych sklepach farmaceutycznych, czy te\u017c drogeriach. Prezentowanego produktu nie warto tak\u017ce szuka\u0107 na platformach zakupowych i sklepach online. Oryginalny produkt jest dost\u0119pny wy\u0142\u0105cznie za po\u015brednictwem oficjalnej witryny producenta, a sam proces zakupu jest prosty. Nale\u017cy wype\u0142ni\u0107 formularz kontaktowy, poczeka\u0107 na telefon od konsultanta, z kt\u00f3rym nie tylko potwierdzimy dane do wysy\u0142ki, ale mamy r\u00f3wnie\u017c mo\u017cliwo\u015b\u0107 zada\u0107 nurtuj\u0105ce nas pytania.<\/p>\n","protected":false},"excerpt":{"rendered":"<p>Densanox to naturalny preparat na problem z wypadaniem w\u0142os\u00f3w. Preparat powinien wspom\u00f3c naturalne od\u017cywienie w\u0142os\u00f3w i sk\u00f3ry g\u0142owy, a tak\u017ce pobudzi\u0107 porost nowych w\u0142os\u00f3w. Nazwa produktu Densanox Zastosowanie na zdrowe w\u0142osy \ud83d\udc69\u200d\ud83e\uddb0 Opinie \u2b50\u2b50\u2b50\u2b50\u2b50 Cena 157 PLN \ud83d\udcb5 Typ produktu serum \ud83e\uddf4 Dawka sprawd\u017a ulotk\u0119 \u23f0 Sk\u0142ad Ro\u015blinne oleje bogate w kwasy omega 6 oraz &#8230; <a title=\"Densanox\" class=\"read-more\" href=\"https:\/\/audiomed.com.pl\/apt\/produkty\/densanox\/\" aria-label=\"More on Densanox\">Czytaj dalej<\/a><\/p>\n","protected":false},"featured_media":796,"comment_status":"open","ping_status":"closed","template":"","meta":{"_uag_custom_page_level_css":""},"product_brand":[],"product_cat":[24],"product_tag":[],"class_list":{"0":"post-795","1":"product","2":"type-product","3":"status-publish","4":"has-post-thumbnail","6":"product_cat-uroda","7":"sales-flash-overlay","8":"woocommerce-text-align-center","9":"woocommerce-image-align-center","10":"do-quantity-buttons","12":"first","13":"instock","14":"sale","15":"shipping-taxable","16":"product-type-external"},"yoast_head":"<!-- This site is optimized with the Yoast SEO plugin v27.5 - https:\/\/yoast.com\/product\/yoast-seo-wordpress\/ -->\n<title>Densanox - Audiomed<\/title>\n<meta name=\"description\" content=\"\ud83d\udc69\ud83c\udffc\u200d\ud83e\uddb0 Czy \ud83d\udc49 Densanox \ud83d\udc48 pomo\u017ce pobudzi\u0107 porost w\u0142os\u00f3w, oraz zahamuje wypadanie w\u0142os\u00f3w? Kliknij tutaj, aby dowiedzie\u0107 si\u0119 wi\u0119cej! \ud83d\udc69\ud83c\udffc\u200d\ud83e\uddb0\" \/>\n<meta name=\"robots\" content=\"index, follow, max-snippet:-1, max-image-preview:large, max-video-preview:-1\" \/>\n<link rel=\"canonical\" href=\"https:\/\/audiomed.com.pl\/apt\/produkty\/densanox\/\" \/>\n<meta property=\"og:locale\" content=\"pl_PL\" \/>\n<meta property=\"og:type\" content=\"article\" \/>\n<meta property=\"og:title\" content=\"Densanox - Audiomed\" \/>\n<meta property=\"og:description\" content=\"\ud83d\udc69\ud83c\udffc\u200d\ud83e\uddb0 Czy \ud83d\udc49 Densanox \ud83d\udc48 pomo\u017ce pobudzi\u0107 porost w\u0142os\u00f3w, oraz zahamuje wypadanie w\u0142os\u00f3w? Kliknij tutaj, aby dowiedzie\u0107 si\u0119 wi\u0119cej! \ud83d\udc69\ud83c\udffc\u200d\ud83e\uddb0\" \/>\n<meta property=\"og:url\" content=\"https:\/\/audiomed.com.pl\/apt\/produkty\/densanox\/\" \/>\n<meta property=\"og:site_name\" content=\"Audiomed\" \/>\n<meta property=\"article:modified_time\" content=\"2024-01-08T12:23:54+00:00\" \/>\n<meta property=\"og:image\" content=\"https:\/\/audiomed.com.pl\/apt\/wp-content\/uploads\/2024\/01\/Densanox.png\" \/>\n\t<meta property=\"og:image:width\" content=\"400\" \/>\n\t<meta property=\"og:image:height\" content=\"400\" \/>\n\t<meta property=\"og:image:type\" content=\"image\/png\" \/>\n<meta name=\"twitter:card\" content=\"summary_large_image\" \/>\n<meta name=\"twitter:label1\" content=\"Szacowany czas czytania\" \/>\n\t<meta name=\"twitter:data1\" content=\"7 minut\" \/>\n<script type=\"application\/ld+json\" class=\"yoast-schema-graph\">{\"@context\":\"https:\\\/\\\/schema.org\",\"@graph\":[{\"@type\":\"WebPage\",\"@id\":\"https:\\\/\\\/audiomed.com.pl\\\/apt\\\/produkty\\\/densanox\\\/\",\"url\":\"https:\\\/\\\/audiomed.com.pl\\\/apt\\\/produkty\\\/densanox\\\/\",\"name\":\"Densanox - Audiomed\",\"isPartOf\":{\"@id\":\"http:\\\/\\\/audiomed.com.pl\\\/apt\\\/#website\"},\"primaryImageOfPage\":{\"@id\":\"https:\\\/\\\/audiomed.com.pl\\\/apt\\\/produkty\\\/densanox\\\/#primaryimage\"},\"image\":{\"@id\":\"https:\\\/\\\/audiomed.com.pl\\\/apt\\\/produkty\\\/densanox\\\/#primaryimage\"},\"thumbnailUrl\":\"https:\\\/\\\/audiomed.com.pl\\\/apt\\\/wp-content\\\/uploads\\\/2024\\\/01\\\/Densanox.png\",\"datePublished\":\"2024-01-08T12:23:53+00:00\",\"dateModified\":\"2024-01-08T12:23:54+00:00\",\"description\":\"\ud83d\udc69\ud83c\udffc\u200d\ud83e\uddb0 Czy \ud83d\udc49 Densanox \ud83d\udc48 pomo\u017ce pobudzi\u0107 porost w\u0142os\u00f3w, oraz zahamuje wypadanie w\u0142os\u00f3w? Kliknij tutaj, aby dowiedzie\u0107 si\u0119 wi\u0119cej! \ud83d\udc69\ud83c\udffc\u200d\ud83e\uddb0\",\"breadcrumb\":{\"@id\":\"https:\\\/\\\/audiomed.com.pl\\\/apt\\\/produkty\\\/densanox\\\/#breadcrumb\"},\"inLanguage\":\"pl-PL\",\"potentialAction\":[{\"@type\":\"ReadAction\",\"target\":[\"https:\\\/\\\/audiomed.com.pl\\\/apt\\\/produkty\\\/densanox\\\/\"]}]},{\"@type\":\"ImageObject\",\"inLanguage\":\"pl-PL\",\"@id\":\"https:\\\/\\\/audiomed.com.pl\\\/apt\\\/produkty\\\/densanox\\\/#primaryimage\",\"url\":\"https:\\\/\\\/audiomed.com.pl\\\/apt\\\/wp-content\\\/uploads\\\/2024\\\/01\\\/Densanox.png\",\"contentUrl\":\"https:\\\/\\\/audiomed.com.pl\\\/apt\\\/wp-content\\\/uploads\\\/2024\\\/01\\\/Densanox.png\",\"width\":400,\"height\":400,\"caption\":\"Densanox\"},{\"@type\":\"BreadcrumbList\",\"@id\":\"https:\\\/\\\/audiomed.com.pl\\\/apt\\\/produkty\\\/densanox\\\/#breadcrumb\",\"itemListElement\":[{\"@type\":\"ListItem\",\"position\":1,\"name\":\"Home\",\"item\":\"http:\\\/\\\/audiomed.com.pl\\\/apt\\\/\"},{\"@type\":\"ListItem\",\"position\":2,\"name\":\"Produkty\",\"item\":\"http:\\\/\\\/audiomed.com.pl\\\/apt\\\/\"},{\"@type\":\"ListItem\",\"position\":3,\"name\":\"Densanox\"}]},{\"@type\":\"WebSite\",\"@id\":\"http:\\\/\\\/audiomed.com.pl\\\/apt\\\/#website\",\"url\":\"http:\\\/\\\/audiomed.com.pl\\\/apt\\\/\",\"name\":\"Audiomed\",\"description\":\"\",\"potentialAction\":[{\"@type\":\"SearchAction\",\"target\":{\"@type\":\"EntryPoint\",\"urlTemplate\":\"http:\\\/\\\/audiomed.com.pl\\\/apt\\\/?s={search_term_string}\"},\"query-input\":{\"@type\":\"PropertyValueSpecification\",\"valueRequired\":true,\"valueName\":\"search_term_string\"}}],\"inLanguage\":\"pl-PL\"}]}<\/script>\n<!-- \/ Yoast SEO plugin. -->","yoast_head_json":{"title":"Densanox - Audiomed","description":"\ud83d\udc69\ud83c\udffc\u200d\ud83e\uddb0 Czy \ud83d\udc49 Densanox \ud83d\udc48 pomo\u017ce pobudzi\u0107 porost w\u0142os\u00f3w, oraz zahamuje wypadanie w\u0142os\u00f3w? Kliknij tutaj, aby dowiedzie\u0107 si\u0119 wi\u0119cej! \ud83d\udc69\ud83c\udffc\u200d\ud83e\uddb0","robots":{"index":"index","follow":"follow","max-snippet":"max-snippet:-1","max-image-preview":"max-image-preview:large","max-video-preview":"max-video-preview:-1"},"canonical":"https:\/\/audiomed.com.pl\/apt\/produkty\/densanox\/","og_locale":"pl_PL","og_type":"article","og_title":"Densanox - Audiomed","og_description":"\ud83d\udc69\ud83c\udffc\u200d\ud83e\uddb0 Czy \ud83d\udc49 Densanox \ud83d\udc48 pomo\u017ce pobudzi\u0107 porost w\u0142os\u00f3w, oraz zahamuje wypadanie w\u0142os\u00f3w? Kliknij tutaj, aby dowiedzie\u0107 si\u0119 wi\u0119cej! \ud83d\udc69\ud83c\udffc\u200d\ud83e\uddb0","og_url":"https:\/\/audiomed.com.pl\/apt\/produkty\/densanox\/","og_site_name":"Audiomed","article_modified_time":"2024-01-08T12:23:54+00:00","og_image":[{"width":400,"height":400,"url":"https:\/\/audiomed.com.pl\/apt\/wp-content\/uploads\/2024\/01\/Densanox.png","type":"image\/png"}],"twitter_card":"summary_large_image","twitter_misc":{"Szacowany czas czytania":"7 minut"},"schema":{"@context":"https:\/\/schema.org","@graph":[{"@type":"WebPage","@id":"https:\/\/audiomed.com.pl\/apt\/produkty\/densanox\/","url":"https:\/\/audiomed.com.pl\/apt\/produkty\/densanox\/","name":"Densanox - Audiomed","isPartOf":{"@id":"http:\/\/audiomed.com.pl\/apt\/#website"},"primaryImageOfPage":{"@id":"https:\/\/audiomed.com.pl\/apt\/produkty\/densanox\/#primaryimage"},"image":{"@id":"https:\/\/audiomed.com.pl\/apt\/produkty\/densanox\/#primaryimage"},"thumbnailUrl":"https:\/\/audiomed.com.pl\/apt\/wp-content\/uploads\/2024\/01\/Densanox.png","datePublished":"2024-01-08T12:23:53+00:00","dateModified":"2024-01-08T12:23:54+00:00","description":"\ud83d\udc69\ud83c\udffc\u200d\ud83e\uddb0 Czy \ud83d\udc49 Densanox \ud83d\udc48 pomo\u017ce pobudzi\u0107 porost w\u0142os\u00f3w, oraz zahamuje wypadanie w\u0142os\u00f3w? Kliknij tutaj, aby dowiedzie\u0107 si\u0119 wi\u0119cej! \ud83d\udc69\ud83c\udffc\u200d\ud83e\uddb0","breadcrumb":{"@id":"https:\/\/audiomed.com.pl\/apt\/produkty\/densanox\/#breadcrumb"},"inLanguage":"pl-PL","potentialAction":[{"@type":"ReadAction","target":["https:\/\/audiomed.com.pl\/apt\/produkty\/densanox\/"]}]},{"@type":"ImageObject","inLanguage":"pl-PL","@id":"https:\/\/audiomed.com.pl\/apt\/produkty\/densanox\/#primaryimage","url":"https:\/\/audiomed.com.pl\/apt\/wp-content\/uploads\/2024\/01\/Densanox.png","contentUrl":"https:\/\/audiomed.com.pl\/apt\/wp-content\/uploads\/2024\/01\/Densanox.png","width":400,"height":400,"caption":"Densanox"},{"@type":"BreadcrumbList","@id":"https:\/\/audiomed.com.pl\/apt\/produkty\/densanox\/#breadcrumb","itemListElement":[{"@type":"ListItem","position":1,"name":"Home","item":"http:\/\/audiomed.com.pl\/apt\/"},{"@type":"ListItem","position":2,"name":"Produkty","item":"http:\/\/audiomed.com.pl\/apt\/"},{"@type":"ListItem","position":3,"name":"Densanox"}]},{"@type":"WebSite","@id":"http:\/\/audiomed.com.pl\/apt\/#website","url":"http:\/\/audiomed.com.pl\/apt\/","name":"Audiomed","description":"","potentialAction":[{"@type":"SearchAction","target":{"@type":"EntryPoint","urlTemplate":"http:\/\/audiomed.com.pl\/apt\/?s={search_term_string}"},"query-input":{"@type":"PropertyValueSpecification","valueRequired":true,"valueName":"search_term_string"}}],"inLanguage":"pl-PL"}]}},"uagb_featured_image_src":{"full":["https:\/\/audiomed.com.pl\/apt\/wp-content\/uploads\/2024\/01\/Densanox.png",400,400,false],"thumbnail":["https:\/\/audiomed.com.pl\/apt\/wp-content\/uploads\/2024\/01\/Densanox-150x150.png",150,150,true],"medium":["https:\/\/audiomed.com.pl\/apt\/wp-content\/uploads\/2024\/01\/Densanox-300x300.png",300,300,true],"medium_large":["https:\/\/audiomed.com.pl\/apt\/wp-content\/uploads\/2024\/01\/Densanox.png",400,400,false],"large":["https:\/\/audiomed.com.pl\/apt\/wp-content\/uploads\/2024\/01\/Densanox.png",400,400,false],"1536x1536":["https:\/\/audiomed.com.pl\/apt\/wp-content\/uploads\/2024\/01\/Densanox.png",400,400,false],"2048x2048":["https:\/\/audiomed.com.pl\/apt\/wp-content\/uploads\/2024\/01\/Densanox.png",400,400,false],"woocommerce_thumbnail":["https:\/\/audiomed.com.pl\/apt\/wp-content\/uploads\/2024\/01\/Densanox-300x300.png",300,300,true],"woocommerce_single":["https:\/\/audiomed.com.pl\/apt\/wp-content\/uploads\/2024\/01\/Densanox.png",400,400,false],"woocommerce_gallery_thumbnail":["https:\/\/audiomed.com.pl\/apt\/wp-content\/uploads\/2024\/01\/Densanox-100x100.png",100,100,true],"yarpp-thumbnail":["https:\/\/audiomed.com.pl\/apt\/wp-content\/uploads\/2024\/01\/Densanox.png",120,120,false]},"uagb_author_info":{"display_name":"Patrycja","author_link":"https:\/\/audiomed.com.pl\/apt\/author\/"},"uagb_comment_info":0,"uagb_excerpt":"Densanox to naturalny preparat na problem z wypadaniem w\u0142os\u00f3w. Preparat powinien wspom\u00f3c naturalne od\u017cywienie w\u0142os\u00f3w i sk\u00f3ry g\u0142owy, a tak\u017ce pobudzi\u0107 porost nowych w\u0142os\u00f3w. Nazwa produktu Densanox Zastosowanie na zdrowe w\u0142osy \ud83d\udc69\u200d\ud83e\uddb0 Opinie \u2b50\u2b50\u2b50\u2b50\u2b50 Cena 157 PLN \ud83d\udcb5 Typ produktu serum \ud83e\uddf4 Dawka sprawd\u017a ulotk\u0119 \u23f0 Sk\u0142ad Ro\u015blinne oleje bogate w kwasy omega 6 oraz&hellip;","_links":{"self":[{"href":"https:\/\/audiomed.com.pl\/apt\/wp-json\/wp\/v2\/product\/795","targetHints":{"allow":["GET"]}}],"collection":[{"href":"https:\/\/audiomed.com.pl\/apt\/wp-json\/wp\/v2\/product"}],"about":[{"href":"https:\/\/audiomed.com.pl\/apt\/wp-json\/wp\/v2\/types\/product"}],"replies":[{"embeddable":true,"href":"https:\/\/audiomed.com.pl\/apt\/wp-json\/wp\/v2\/comments?post=795"}],"wp:featuredmedia":[{"embeddable":true,"href":"https:\/\/audiomed.com.pl\/apt\/wp-json\/wp\/v2\/media\/796"}],"wp:attachment":[{"href":"https:\/\/audiomed.com.pl\/apt\/wp-json\/wp\/v2\/media?parent=795"}],"wp:term":[{"taxonomy":"product_brand","embeddable":true,"href":"https:\/\/audiomed.com.pl\/apt\/wp-json\/wp\/v2\/product_brand?post=795"},{"taxonomy":"product_cat","embeddable":true,"href":"https:\/\/audiomed.com.pl\/apt\/wp-json\/wp\/v2\/product_cat?post=795"},{"taxonomy":"product_tag","embeddable":true,"href":"https:\/\/audiomed.com.pl\/apt\/wp-json\/wp\/v2\/product_tag?post=795"}],"curies":[{"name":"wp","href":"https:\/\/api.w.org\/{rel}","templated":true}]}}