{"id":370,"date":"2024-01-02T12:59:52","date_gmt":"2024-01-02T12:59:52","guid":{"rendered":"https:\/\/audiomed.com.pl\/apt\/?post_type=product&#038;p=370"},"modified":"2025-08-29T10:24:19","modified_gmt":"2025-08-29T10:24:19","slug":"a-cardin","status":"publish","type":"product","link":"https:\/\/audiomed.com.pl\/apt\/produkty\/a-cardin\/","title":{"rendered":"A-cardin"},"content":{"rendered":"\n<p>A-Cardin to produkt naturalny, opracowany z my\u015bl\u0105 o wsparciu serca i uk\u0142adu krwiono\u015bnego.&nbsp;<\/p>\n\n\n\n<div style=\"height:20px\" aria-hidden=\"true\" class=\"wp-block-spacer\"><\/div>\n\n\n\n<figure class=\"wp-block-table is-style-regular\"><table class=\"has-fixed-layout\"><tbody><tr><td><strong>Nazwa produktu<\/strong><\/td><td>A-Cardin<\/td><\/tr><tr><td><strong>Zastosowanie<\/strong><\/td><td>na nadci\u015bnienie \u2764\ufe0f<\/td><\/tr><tr><td><strong>Opinie<\/strong><\/td><td>\u2b50\u2b50\u2b50\u2b50\u2b50<\/td><\/tr><tr><td><strong>Cena<\/strong><\/td><td>137 PLN \ud83d\udcb5<\/td><\/tr><tr><td><strong>Typ produktu<\/strong><\/td><td>kapsu\u0142ki \ud83d\udc8a<\/td><\/tr><tr><td><strong>Dawka<\/strong><\/td><td>1 kapsu\u0142ka dziennie\u23f0<\/td><\/tr><tr><td><strong>Sk\u0142ad<\/strong><\/td><td>G\u0142\u00f3g\ud83c\udf43<br>Omega-3\ud83c\udf43<br>Pokrzywa\ud83c\udf43<br>Ryboflawina (Witamina B2)\ud83c\udf43<br>Tiamina (Witamina B1)\ud83c\udf43<br>Witamina B6\ud83c\udf43<br>Witamina B12\ud83c\udf43<\/td><\/tr><\/tbody><\/table><\/figure>\n\n\n\n<h2 class=\"wp-block-heading\">Czym jest A-Cardin?&nbsp;<\/h2>\n\n\n\n<p>A-Cardin to suplement diety kt\u00f3ry zgodnie z informacjami producenta wykorzystuje ekstrakty ro\u015blinne, kt\u00f3re s\u0105 bezpieczne i skuteczne w poprawie funkcji serca oraz og\u00f3lnego stanu zdrowia. Cho\u0107 ten suplement diety nie jest dost\u0119pny w aptekach, jego obecno\u015b\u0107 na rynku jest coraz bardziej widoczna. Mo\u017cna go naby\u0107 wy\u0142\u0105cznie przez oficjaln\u0105 stron\u0119 internetow\u0105, co gwarantuje otrzymanie oryginalnego produktu. Jego unikalne sk\u0142adniki i spos\u00f3b dzia\u0142ania sprawiaj\u0105, \u017ce staje si\u0119 on atrakcyjn\u0105 opcj\u0105 dla os\u00f3b dbaj\u0105cych o zdrowie serca.&nbsp;<\/p>\n\n\n\n<h2 class=\"wp-block-heading\">Wskazania do stosowania A-Cardin&nbsp;<\/h2>\n\n\n\n<h3 class=\"wp-block-heading\">Problem zwi\u0105zany z wysokim ci\u015bnieniem krwi&nbsp;<\/h3>\n\n\n\n<p>Te kapsu\u0142ki maj\u0105 na celu stabilizacje ci\u015bnienia krwi. Dzi\u0119ki zawarto\u015bci naturalnych sk\u0142adnik\u00f3w, takich jak wyci\u0105g z g\u0142ogu, suplement pomaga w regulacji ci\u015bnienia krwi, co jest kluczowe dla zapobiegania problemom sercowym.&nbsp;<\/p>\n\n\n\n<h3 class=\"wp-block-heading\">Problem zwi\u0105zany z wysokim cholesterolem&nbsp;<\/h3>\n\n\n\n<p>Wysoki poziom cholesterolu to kolejny istotny problem zdrowotny, kt\u00f3ry mo\u017ce prowadzi\u0107 do gro\u017anych problem\u00f3w sercowo-naczyniowych. Ten suplement zawiera sk\u0142adniki, kt\u00f3re wspomagaj\u0105 regulacj\u0119 poziomu lipid\u00f3w we krwi. Omega-3 i inne naturalne ekstrakty ro\u015blinne skutecznie pomagaj\u0105 w obni\u017caniu z\u0142ego cholesterolu (LDL), jednocze\u015bnie zwi\u0119kszaj\u0105c dobry cholesterol (HDL), co przyczynia si\u0119 do lepszego zdrowia serca.&nbsp;<\/p>\n\n\n\n<h3 class=\"wp-block-heading\">Problem zwi\u0105zany z b\u00f3lem g\u0142owy&nbsp;<\/h3>\n\n\n\n<p>Produkt ten zawiera sk\u0142adniki kt\u00f3re, maj\u0105 na celu ochron\u0119 przed czynnikami wywo\u0142uj\u0105cymi b\u00f3le g\u0142owy. Dzia\u0142aj\u0105c jako \u015brodek zapobiegawczy, suplement wspiera zdrowie serca i uk\u0142adu krwiono\u015bnego, minimalizuj\u0105c ryzyko nawrotu nieprzyjemnych objaw\u00f3w.&nbsp;<\/p>\n\n\n\n<h2 class=\"wp-block-heading\">Efekty stosowania \u2013 Jak dzia\u0142aj\u0105 tabletki A-Cardin?&nbsp;<\/h2>\n\n\n\n<p>Stosowanie tego suplementu diety przynosi szereg korzy\u015bci dla zdrowia serca oraz na kr\u0105\u017cenie krwi. Ten suplement diety dzia\u0142a na kilka sposob\u00f3w, aby wspiera\u0107 zdrowie u\u017cytkownik\u00f3w. Po pierwsze, ma za zadanie stabilizowa\u0107 kr\u0105\u017cenie krwi, co jest kluczowe dla zapobiegania powa\u017cnym problemom. Po drugie, poprzez regulacj\u0119 poziomu cholesterolu, ten suplement przyczynia si\u0119 do poprawy og\u00f3lnego stanu uk\u0142adu krwiono\u015bnego.&nbsp;<\/p>\n\n\n\n<p>Kolejn\u0105 zalet\u0105 jest wsparcie dla serca i naczy\u0144 krwiono\u015bnych. Naturalne sk\u0142adniki zawarte w tym preparacie, takie jak wyci\u0105g z g\u0142ogu czy omega-3, maj\u0105 pozytywny wp\u0142yw na kondycj\u0119 serca, poprawiaj\u0105c jego funkcjonowanie i kr\u0105\u017cenie krwi. Regularne stosowanie suplementu wraz ze stosowaniem zr\u00f3\u017cnicowanej diety mo\u017ce przyczyni\u0107 si\u0119 do og\u00f3lnego wzmocnienia zdrowia sercowo-naczyniowego.&nbsp;<\/p>\n\n\n\n<h2 class=\"wp-block-heading\">Sk\u0142adniki \u2013 Co zawiera produkt A-Cardin?&nbsp;<\/h2>\n\n\n\n<p>Ten produkt wyr\u00f3\u017cnia si\u0119 unikalnym sk\u0142adem, kt\u00f3ry opiera si\u0119 na naturalnych ekstraktach ro\u015blinnych. Oto niekt\u00f3re z kluczowych sk\u0142adnik\u00f3w tego suplementu:&nbsp;<\/p>\n\n\n\n<ul class=\"wp-block-list\">\n<li><strong>G\u0142\u00f3g:<\/strong> Wspiera funkcjonowanie serca i stabilizuje ci\u015bnienie krwi.&nbsp;<\/li>\n\n\n\n<li><strong>Omega-3:<\/strong> Redukuje objawy mia\u017cd\u017cycy, korzystnie wp\u0142ywa na zdrowie serca.&nbsp;<\/li>\n\n\n\n<li><strong>Pokrzywa:<\/strong> Reguluje poziom glukozy we krwi, wspiera funkcjonowanie nerek.&nbsp;<\/li>\n\n\n\n<li><strong>Ryboflawina (Witamina B2):<\/strong> Od\u017cywia serce, \u0142agodzi system nerwowy.&nbsp;<\/li>\n\n\n\n<li><strong>Tiamina (Witamina B1):<\/strong> Wspomaga metabolizm, od\u017cywia mi\u0119sie\u0144 sercowy.&nbsp;<\/li>\n\n\n\n<li><strong>Witamina B6:<\/strong> Obni\u017ca poziom z\u0142ego cholesterolu, korzystnie wp\u0142ywa na centralny uk\u0142ad nerwowy.&nbsp;<\/li>\n\n\n\n<li><strong>Witamina B12:<\/strong> Wspomaga oczyszczanie krwi, pomaga w problemach ze snem.&nbsp;<\/li>\n<\/ul>\n\n\n\n<p>Pe\u0142n\u0105 list\u0119 sk\u0142adnik\u00f3w oraz ich dok\u0142adne proporcje mo\u017cna znale\u017a\u0107 w ulotce do\u0142\u0105czonej do produktu.&nbsp;<\/p>\n\n\n\n<h2 class=\"wp-block-heading\">Cena A-Cardin&nbsp;<\/h2>\n\n\n\n<p>Koszt A-Cardin jest czynnikiem, kt\u00f3ry warto rozwa\u017cy\u0107 przed zakupem. Produkt ten jest dost\u0119pny wy\u0142\u0105cznie przez oficjaln\u0105 stron\u0119 internetow\u0105, co gwarantuje jego autentyczno\u015b\u0107. Cena A-Cardin wynosi 137 PLN, co mo\u017ce by\u0107 uznane za rozs\u0105dn\u0105 inwestycj\u0119 w zdrowie sercowo-naczyniowe, bior\u0105c pod uwag\u0119 jego naturalny sk\u0142ad i potencjalne korzy\u015bci zdrowotne.&nbsp;<\/p>\n\n\n\n<p>Jest to jednak cena, kt\u00f3ra mo\u017ce by\u0107 poza zasi\u0119giem niekt\u00f3rych konsument\u00f3w. Warto jednak pami\u0119ta\u0107, \u017ce zdrowie jest bezcenne, a inwestycja w produkty wspieraj\u0105ce serce i uk\u0142ad krwiono\u015bny mo\u017ce przynie\u015b\u0107 znaczne korzy\u015bci w d\u0142ugoterminowej perspektywie. Ponadto, zakup bezpo\u015brednio z oficjalnej strony zapewnia pewno\u015b\u0107, \u017ce produkt jest oryginalny i spe\u0142nia wszystkie standardy jako\u015bciowe.&nbsp;<\/p>\n\n\n\n<h2 class=\"wp-block-heading\">A-Cardin opinie \u2013 recenzje u\u017cytkownik\u00f3w o produkcie&nbsp;<\/h2>\n\n\n\n<p>A-Cardin cieszy si\u0119 pozytywnymi opiniami w\u015br\u00f3d u\u017cytkownik\u00f3w, kt\u00f3rzy chwal\u0105 jego naturalny sk\u0142ad i efektywno\u015b\u0107. Wielu z nich podkre\u015bla popraw\u0119 og\u00f3lnego samopoczucia, stabilizacj\u0119 ci\u015bnienia krwi oraz lepsz\u0105 kondycj\u0119 serca. U\u017cytkownicy doceniaj\u0105 r\u00f3wnie\u017c \u0142atwo\u015b\u0107 stosowania i brak negatywnych skutk\u00f3w ubocznych, co jest wa\u017cne dla os\u00f3b regularnie przyjmuj\u0105cych ten suplement.&nbsp;<\/p>\n\n\n\n<p>Jednak warto zauwa\u017cy\u0107, \u017ce opinie na temat tego suplementu s\u0105 zr\u00f3\u017cnicowane. Niekt\u00f3rzy konsumenci oczekiwali szybszych lub bardziej spektakularnych efekt\u00f3w. Wa\u017cne jest, aby pami\u0119ta\u0107, \u017ce ka\u017cdy organizm reaguje inaczej, a suplementy diety powinny by\u0107 traktowane jako wsparcie zdrowego stylu \u017cycia, a nie jako lekarstwo.&nbsp;<\/p>\n\n\n\n<h2 class=\"wp-block-heading\">Spos\u00f3b przyjmowania \u2013 Jak stosowa\u0107 A-Cardin?&nbsp;<\/h2>\n\n\n\n<p>Przyjmowanie tego preparatu jest proste i wygodne. Zalecana dawka to jedna kapsu\u0142ka dziennie, najlepiej przyjmowana w trakcie posi\u0142ku i popi\u0107 wod\u0105. Regularne stosowanie suplementu zwi\u0119ksza jego efektywno\u015b\u0107, a kuracja powinna by\u0107 kontynuowana przez co najmniej kilka tygodni, aby m\u00f3c zaobserwowa\u0107 pozytywne zmiany.&nbsp;<\/p>\n\n\n\n<h2 class=\"wp-block-heading\">Skutki uboczne suplementu diety A-Cardin&nbsp;<\/h2>\n\n\n\n<p>Suplement ten jest uwa\u017cany za bezpieczny, kt\u00f3ry rzadko powoduje skutki uboczne. Jego naturalny sk\u0142ad zosta\u0142 dobrze przemy\u015blany, aby zminimalizowa\u0107 ryzyko negatywnych reakcji. Jednak jak w przypadku ka\u017cdego produktu, w niekt\u00f3rych przypadkach istnieje mo\u017cliwo\u015b\u0107 wyst\u0105pienia indywidualnych reakcji alergicznych lub nietolerancji na niekt\u00f3re sk\u0142adniki.&nbsp;<\/p>\n\n\n\n<p>Dodatkowo aby mie\u0107 pewno\u015b\u0107, \u017ce nie wyst\u0105pi\u0105 niepo\u017c\u0105dane reakcje nale\u017cy przetrzymywa\u0107 produkt w nienas\u0142onecznionym miejscu, w zamkni\u0119tym opakowaniu w temperaturze pokojowej.&nbsp;<\/p>\n\n\n\n<h2 class=\"wp-block-heading\">Gdzie kupi\u0107 A-Cardin: apteka, Allegro czy oficjalna strona producenta?&nbsp;<\/h2>\n\n\n\n<p>Ten suplement diety nie jest dost\u0119pny w aptekach. Jedynym oficjalnym i zaufanym \u017ar\u00f3d\u0142em zakupu jest strona internetowa producenta. To gwarantuje otrzymanie autentycznego produktu. Zakup na innych platformach, takich jak Allegro, mo\u017ce by\u0107 ryzykowny, gdy\u017c istnieje mo\u017cliwo\u015b\u0107 nabycia podr\u00f3bek, kt\u00f3re nie tylko nie przynios\u0105 oczekiwanych efekt\u00f3w, ale mog\u0105 tak\u017ce zaszkodzi\u0107 zdrowiu.&nbsp;<\/p>\n\n\n\n<p>Zakup bezpo\u015brednio od producenta zapewnia r\u00f3wnie\u017c dost\u0119p do aktualnych informacji o produkcie, promocji i gwarancji zwrotu pieni\u0119dzy, co jest wa\u017cnym aspektem dla wielu konsument\u00f3w.&nbsp;<\/p>\n\n\n\n<h2 class=\"wp-block-heading\">Najcz\u0119\u015bciej zadawane pytania:&nbsp;<\/h2>\n\n\n\n<h3 class=\"wp-block-heading\">W jakim celu stosuje si\u0119 A-Cardin?&nbsp;<\/h3>\n\n\n\n<p>Ten suplement diety jest stosowany g\u0142\u00f3wnie w celu wsparcia zdrowia serca i uk\u0142adu krwiono\u015bnego. Pomaga w stabilizacji ci\u015bnienia krwi, regulacji poziomu cholesterolu oraz og\u00f3lnej poprawie kondycji serca. Jest to szczeg\u00f3lnie wa\u017cne dla os\u00f3b nara\u017conych na choroby sercowo-naczyniowe lub maj\u0105cych problemy z ci\u015bnieniem i cholesterolem.&nbsp;<\/p>\n\n\n\n<h3 class=\"wp-block-heading\">Czy kapsu\u0142ki A-Cardin mog\u0105 powodowa\u0107 skutki uboczne?&nbsp;<\/h3>\n\n\n\n<p>Jak ju\u017c wcze\u015bniej wspomniano, ten produkt jest uwa\u017cany za bezpieczny i rzadko powoduje skutki uboczne. Jednak indywidualne reakcje mog\u0105 si\u0119 r\u00f3\u017cni\u0107, dlatego w przypadku jakichkolwiek w\u0105tpliwo\u015bci zaleca si\u0119 konsultacj\u0119 z lekarzem.&nbsp;<\/p>\n\n\n\n<h3 class=\"wp-block-heading\">Jakie s\u0105 opinie lekarzy na temat suplementu diety A-Cardin?&nbsp;<\/h3>\n\n\n\n<p>W Internecie mo\u017cna znale\u017a\u0107 wiele opinii lekarzy na temat tego suplementu, jednak ich weryfikacja nie by\u0142a mo\u017cliwa. Zaleca si\u0119 konsultacj\u0119 z w\u0142asnym lekarzem przed rozpocz\u0119ciem stosowania jakiegokolwiek suplementu diety.&nbsp;<\/p>\n\n\n\n<h3 class=\"wp-block-heading\">Czy A-Cardin jest lekiem i jest skuteczny w leczeniu uk\u0142adu kr\u0105\u017cenia i zdrowia serca?&nbsp;<\/h3>\n\n\n\n<p>A-Cardin to suplement diety, a zgodnie z polskim prawem suplementy diety nie s\u0105 lekami i nie s\u0142u\u017c\u0105 do leczenia. Mog\u0105 jednak wspiera\u0107 funkcje organizmu, w tym uk\u0142ad kr\u0105\u017cenia i zdrowie serca.&nbsp;<\/p>\n\n\n\n<h3 class=\"wp-block-heading\">Gdzie mog\u0119 kupi\u0107 suplement diety A-Cardin?&nbsp;<\/h3>\n\n\n\n<p>Ten suplement diety dost\u0119pny jest wy\u0142\u0105cznie poprzez oficjaln\u0105 stron\u0119 internetow\u0105 producenta. Nie jest dost\u0119pny w aptekach ani na innych platformach handlowych.&nbsp;<\/p>\n","protected":false},"excerpt":{"rendered":"<p>A-Cardin to produkt naturalny, opracowany z my\u015bl\u0105 o wsparciu serca i uk\u0142adu krwiono\u015bnego.&nbsp; Nazwa produktu A-Cardin Zastosowanie na nadci\u015bnienie \u2764\ufe0f Opinie \u2b50\u2b50\u2b50\u2b50\u2b50 Cena 137 PLN \ud83d\udcb5 Typ produktu kapsu\u0142ki \ud83d\udc8a Dawka 1 kapsu\u0142ka dziennie\u23f0 Sk\u0142ad G\u0142\u00f3g\ud83c\udf43Omega-3\ud83c\udf43Pokrzywa\ud83c\udf43Ryboflawina (Witamina B2)\ud83c\udf43Tiamina (Witamina B1)\ud83c\udf43Witamina B6\ud83c\udf43Witamina B12\ud83c\udf43 Czym jest A-Cardin?&nbsp; A-Cardin to suplement diety kt\u00f3ry zgodnie z informacjami producenta wykorzystuje &#8230; <a title=\"A-cardin\" class=\"read-more\" href=\"https:\/\/audiomed.com.pl\/apt\/produkty\/a-cardin\/\" aria-label=\"More on A-cardin\">Czytaj dalej<\/a><\/p>\n","protected":false},"featured_media":377,"comment_status":"open","ping_status":"closed","template":"","meta":{"_uag_custom_page_level_css":""},"product_brand":[],"product_cat":[23],"product_tag":[],"class_list":{"0":"post-370","1":"product","2":"type-product","3":"status-publish","4":"has-post-thumbnail","6":"product_cat-zdrowie","7":"sales-flash-overlay","8":"woocommerce-text-align-center","9":"woocommerce-image-align-center","10":"do-quantity-buttons","12":"first","13":"instock","14":"sale","15":"shipping-taxable","16":"product-type-external"},"yoast_head":"<!-- This site is optimized with the Yoast SEO plugin v27.5 - https:\/\/yoast.com\/product\/yoast-seo-wordpress\/ -->\n<title>A-Cardin tabletki - opinie, cena, sk\u0142ad, efekty 2024<\/title>\n<meta name=\"description\" content=\"Jak naturalne sk\u0142adniki \ud83d\udc4c A-Cardin \ud83d\udc4c mog\u0105 wp\u0142yn\u0105\u0107 na Twoje zdrowie serca? Sprawd\u017a tutaj!\u00a0\ud83d\udc96\ud83d\udc96\" \/>\n<meta name=\"robots\" content=\"index, follow, max-snippet:-1, max-image-preview:large, max-video-preview:-1\" \/>\n<link rel=\"canonical\" href=\"https:\/\/audiomed.com.pl\/apt\/produkty\/a-cardin\/\" \/>\n<meta property=\"og:locale\" content=\"pl_PL\" \/>\n<meta property=\"og:type\" content=\"article\" \/>\n<meta property=\"og:title\" content=\"A-Cardin tabletki - opinie, cena, sk\u0142ad, efekty 2024\" \/>\n<meta property=\"og:description\" content=\"Jak naturalne sk\u0142adniki \ud83d\udc4c A-Cardin \ud83d\udc4c mog\u0105 wp\u0142yn\u0105\u0107 na Twoje zdrowie serca? Sprawd\u017a tutaj!\u00a0\ud83d\udc96\ud83d\udc96\" \/>\n<meta property=\"og:url\" content=\"https:\/\/audiomed.com.pl\/apt\/produkty\/a-cardin\/\" \/>\n<meta property=\"og:site_name\" content=\"Audiomed\" \/>\n<meta property=\"article:modified_time\" content=\"2025-08-29T10:24:19+00:00\" \/>\n<meta property=\"og:image\" content=\"https:\/\/audiomed.com.pl\/apt\/wp-content\/uploads\/2024\/01\/A-cardin-tabletki-opinie-cena-sklad-forum-gdzie-kupic.png\" \/>\n\t<meta property=\"og:image:width\" content=\"400\" \/>\n\t<meta property=\"og:image:height\" content=\"400\" \/>\n\t<meta property=\"og:image:type\" content=\"image\/png\" \/>\n<meta name=\"twitter:card\" content=\"summary_large_image\" \/>\n<meta name=\"twitter:label1\" content=\"Szacowany czas czytania\" \/>\n\t<meta name=\"twitter:data1\" content=\"7 minut\" \/>\n<script type=\"application\/ld+json\" class=\"yoast-schema-graph\">{\"@context\":\"https:\\\/\\\/schema.org\",\"@graph\":[{\"@type\":\"WebPage\",\"@id\":\"https:\\\/\\\/audiomed.com.pl\\\/apt\\\/produkty\\\/a-cardin\\\/\",\"url\":\"https:\\\/\\\/audiomed.com.pl\\\/apt\\\/produkty\\\/a-cardin\\\/\",\"name\":\"A-Cardin tabletki - opinie, cena, sk\u0142ad, efekty 2024\",\"isPartOf\":{\"@id\":\"https:\\\/\\\/audiomed.com.pl\\\/apt\\\/#website\"},\"primaryImageOfPage\":{\"@id\":\"https:\\\/\\\/audiomed.com.pl\\\/apt\\\/produkty\\\/a-cardin\\\/#primaryimage\"},\"image\":{\"@id\":\"https:\\\/\\\/audiomed.com.pl\\\/apt\\\/produkty\\\/a-cardin\\\/#primaryimage\"},\"thumbnailUrl\":\"https:\\\/\\\/audiomed.com.pl\\\/apt\\\/wp-content\\\/uploads\\\/2024\\\/01\\\/A-cardin-tabletki-opinie-cena-sklad-forum-gdzie-kupic.png\",\"datePublished\":\"2024-01-02T12:59:52+00:00\",\"dateModified\":\"2025-08-29T10:24:19+00:00\",\"description\":\"Jak naturalne sk\u0142adniki \ud83d\udc4c A-Cardin \ud83d\udc4c mog\u0105 wp\u0142yn\u0105\u0107 na Twoje zdrowie serca? Sprawd\u017a tutaj!\u00a0\ud83d\udc96\ud83d\udc96\",\"breadcrumb\":{\"@id\":\"https:\\\/\\\/audiomed.com.pl\\\/apt\\\/produkty\\\/a-cardin\\\/#breadcrumb\"},\"inLanguage\":\"pl-PL\",\"potentialAction\":[{\"@type\":\"ReadAction\",\"target\":[\"https:\\\/\\\/audiomed.com.pl\\\/apt\\\/produkty\\\/a-cardin\\\/\"]}]},{\"@type\":\"ImageObject\",\"inLanguage\":\"pl-PL\",\"@id\":\"https:\\\/\\\/audiomed.com.pl\\\/apt\\\/produkty\\\/a-cardin\\\/#primaryimage\",\"url\":\"https:\\\/\\\/audiomed.com.pl\\\/apt\\\/wp-content\\\/uploads\\\/2024\\\/01\\\/A-cardin-tabletki-opinie-cena-sklad-forum-gdzie-kupic.png\",\"contentUrl\":\"https:\\\/\\\/audiomed.com.pl\\\/apt\\\/wp-content\\\/uploads\\\/2024\\\/01\\\/A-cardin-tabletki-opinie-cena-sklad-forum-gdzie-kupic.png\",\"width\":400,\"height\":400,\"caption\":\"A-cardin tabletki - opinie, cena, sk\u0142ad, forum, gdzie kupi\u0107\"},{\"@type\":\"BreadcrumbList\",\"@id\":\"https:\\\/\\\/audiomed.com.pl\\\/apt\\\/produkty\\\/a-cardin\\\/#breadcrumb\",\"itemListElement\":[{\"@type\":\"ListItem\",\"position\":1,\"name\":\"Home\",\"item\":\"https:\\\/\\\/audiomed.com.pl\\\/apt\\\/\"},{\"@type\":\"ListItem\",\"position\":2,\"name\":\"Produkty\",\"item\":\"https:\\\/\\\/audiomed.com.pl\\\/apt\\\/\"},{\"@type\":\"ListItem\",\"position\":3,\"name\":\"A-cardin\"}]},{\"@type\":\"WebSite\",\"@id\":\"https:\\\/\\\/audiomed.com.pl\\\/apt\\\/#website\",\"url\":\"https:\\\/\\\/audiomed.com.pl\\\/apt\\\/\",\"name\":\"Audiomed\",\"description\":\"\",\"potentialAction\":[{\"@type\":\"SearchAction\",\"target\":{\"@type\":\"EntryPoint\",\"urlTemplate\":\"https:\\\/\\\/audiomed.com.pl\\\/apt\\\/?s={search_term_string}\"},\"query-input\":{\"@type\":\"PropertyValueSpecification\",\"valueRequired\":true,\"valueName\":\"search_term_string\"}}],\"inLanguage\":\"pl-PL\"}]}<\/script>\n<!-- \/ Yoast SEO plugin. -->","yoast_head_json":{"title":"A-Cardin tabletki - opinie, cena, sk\u0142ad, efekty 2024","description":"Jak naturalne sk\u0142adniki \ud83d\udc4c A-Cardin \ud83d\udc4c mog\u0105 wp\u0142yn\u0105\u0107 na Twoje zdrowie serca? Sprawd\u017a tutaj!\u00a0\ud83d\udc96\ud83d\udc96","robots":{"index":"index","follow":"follow","max-snippet":"max-snippet:-1","max-image-preview":"max-image-preview:large","max-video-preview":"max-video-preview:-1"},"canonical":"https:\/\/audiomed.com.pl\/apt\/produkty\/a-cardin\/","og_locale":"pl_PL","og_type":"article","og_title":"A-Cardin tabletki - opinie, cena, sk\u0142ad, efekty 2024","og_description":"Jak naturalne sk\u0142adniki \ud83d\udc4c A-Cardin \ud83d\udc4c mog\u0105 wp\u0142yn\u0105\u0107 na Twoje zdrowie serca? Sprawd\u017a tutaj!\u00a0\ud83d\udc96\ud83d\udc96","og_url":"https:\/\/audiomed.com.pl\/apt\/produkty\/a-cardin\/","og_site_name":"Audiomed","article_modified_time":"2025-08-29T10:24:19+00:00","og_image":[{"width":400,"height":400,"url":"https:\/\/audiomed.com.pl\/apt\/wp-content\/uploads\/2024\/01\/A-cardin-tabletki-opinie-cena-sklad-forum-gdzie-kupic.png","type":"image\/png"}],"twitter_card":"summary_large_image","twitter_misc":{"Szacowany czas czytania":"7 minut"},"schema":{"@context":"https:\/\/schema.org","@graph":[{"@type":"WebPage","@id":"https:\/\/audiomed.com.pl\/apt\/produkty\/a-cardin\/","url":"https:\/\/audiomed.com.pl\/apt\/produkty\/a-cardin\/","name":"A-Cardin tabletki - opinie, cena, sk\u0142ad, efekty 2024","isPartOf":{"@id":"https:\/\/audiomed.com.pl\/apt\/#website"},"primaryImageOfPage":{"@id":"https:\/\/audiomed.com.pl\/apt\/produkty\/a-cardin\/#primaryimage"},"image":{"@id":"https:\/\/audiomed.com.pl\/apt\/produkty\/a-cardin\/#primaryimage"},"thumbnailUrl":"https:\/\/audiomed.com.pl\/apt\/wp-content\/uploads\/2024\/01\/A-cardin-tabletki-opinie-cena-sklad-forum-gdzie-kupic.png","datePublished":"2024-01-02T12:59:52+00:00","dateModified":"2025-08-29T10:24:19+00:00","description":"Jak naturalne sk\u0142adniki \ud83d\udc4c A-Cardin \ud83d\udc4c mog\u0105 wp\u0142yn\u0105\u0107 na Twoje zdrowie serca? Sprawd\u017a tutaj!\u00a0\ud83d\udc96\ud83d\udc96","breadcrumb":{"@id":"https:\/\/audiomed.com.pl\/apt\/produkty\/a-cardin\/#breadcrumb"},"inLanguage":"pl-PL","potentialAction":[{"@type":"ReadAction","target":["https:\/\/audiomed.com.pl\/apt\/produkty\/a-cardin\/"]}]},{"@type":"ImageObject","inLanguage":"pl-PL","@id":"https:\/\/audiomed.com.pl\/apt\/produkty\/a-cardin\/#primaryimage","url":"https:\/\/audiomed.com.pl\/apt\/wp-content\/uploads\/2024\/01\/A-cardin-tabletki-opinie-cena-sklad-forum-gdzie-kupic.png","contentUrl":"https:\/\/audiomed.com.pl\/apt\/wp-content\/uploads\/2024\/01\/A-cardin-tabletki-opinie-cena-sklad-forum-gdzie-kupic.png","width":400,"height":400,"caption":"A-cardin tabletki - opinie, cena, sk\u0142ad, forum, gdzie kupi\u0107"},{"@type":"BreadcrumbList","@id":"https:\/\/audiomed.com.pl\/apt\/produkty\/a-cardin\/#breadcrumb","itemListElement":[{"@type":"ListItem","position":1,"name":"Home","item":"https:\/\/audiomed.com.pl\/apt\/"},{"@type":"ListItem","position":2,"name":"Produkty","item":"https:\/\/audiomed.com.pl\/apt\/"},{"@type":"ListItem","position":3,"name":"A-cardin"}]},{"@type":"WebSite","@id":"https:\/\/audiomed.com.pl\/apt\/#website","url":"https:\/\/audiomed.com.pl\/apt\/","name":"Audiomed","description":"","potentialAction":[{"@type":"SearchAction","target":{"@type":"EntryPoint","urlTemplate":"https:\/\/audiomed.com.pl\/apt\/?s={search_term_string}"},"query-input":{"@type":"PropertyValueSpecification","valueRequired":true,"valueName":"search_term_string"}}],"inLanguage":"pl-PL"}]}},"uagb_featured_image_src":{"full":["https:\/\/audiomed.com.pl\/apt\/wp-content\/uploads\/2024\/01\/A-cardin-tabletki-opinie-cena-sklad-forum-gdzie-kupic.png",400,400,false],"thumbnail":["https:\/\/audiomed.com.pl\/apt\/wp-content\/uploads\/2024\/01\/A-cardin-tabletki-opinie-cena-sklad-forum-gdzie-kupic-150x150.png",150,150,true],"medium":["https:\/\/audiomed.com.pl\/apt\/wp-content\/uploads\/2024\/01\/A-cardin-tabletki-opinie-cena-sklad-forum-gdzie-kupic-300x300.png",300,300,true],"medium_large":["https:\/\/audiomed.com.pl\/apt\/wp-content\/uploads\/2024\/01\/A-cardin-tabletki-opinie-cena-sklad-forum-gdzie-kupic.png",400,400,false],"large":["https:\/\/audiomed.com.pl\/apt\/wp-content\/uploads\/2024\/01\/A-cardin-tabletki-opinie-cena-sklad-forum-gdzie-kupic.png",400,400,false],"1536x1536":["https:\/\/audiomed.com.pl\/apt\/wp-content\/uploads\/2024\/01\/A-cardin-tabletki-opinie-cena-sklad-forum-gdzie-kupic.png",400,400,false],"2048x2048":["https:\/\/audiomed.com.pl\/apt\/wp-content\/uploads\/2024\/01\/A-cardin-tabletki-opinie-cena-sklad-forum-gdzie-kupic.png",400,400,false],"woocommerce_thumbnail":["https:\/\/audiomed.com.pl\/apt\/wp-content\/uploads\/2024\/01\/A-cardin-tabletki-opinie-cena-sklad-forum-gdzie-kupic-300x300.png",300,300,true],"woocommerce_single":["https:\/\/audiomed.com.pl\/apt\/wp-content\/uploads\/2024\/01\/A-cardin-tabletki-opinie-cena-sklad-forum-gdzie-kupic.png",400,400,false],"woocommerce_gallery_thumbnail":["https:\/\/audiomed.com.pl\/apt\/wp-content\/uploads\/2024\/01\/A-cardin-tabletki-opinie-cena-sklad-forum-gdzie-kupic-100x100.png",100,100,true],"yarpp-thumbnail":["https:\/\/audiomed.com.pl\/apt\/wp-content\/uploads\/2024\/01\/A-cardin-tabletki-opinie-cena-sklad-forum-gdzie-kupic.png",120,120,false]},"uagb_author_info":{"display_name":"Patrycja","author_link":"https:\/\/audiomed.com.pl\/apt\/author\/"},"uagb_comment_info":1,"uagb_excerpt":"A-Cardin to produkt naturalny, opracowany z my\u015bl\u0105 o wsparciu serca i uk\u0142adu krwiono\u015bnego.&nbsp; Nazwa produktu A-Cardin Zastosowanie na nadci\u015bnienie \u2764\ufe0f Opinie \u2b50\u2b50\u2b50\u2b50\u2b50 Cena 137 PLN \ud83d\udcb5 Typ produktu kapsu\u0142ki \ud83d\udc8a Dawka 1 kapsu\u0142ka dziennie\u23f0 Sk\u0142ad G\u0142\u00f3g\ud83c\udf43Omega-3\ud83c\udf43Pokrzywa\ud83c\udf43Ryboflawina (Witamina B2)\ud83c\udf43Tiamina (Witamina B1)\ud83c\udf43Witamina B6\ud83c\udf43Witamina B12\ud83c\udf43 Czym jest A-Cardin?&nbsp; A-Cardin to suplement diety kt\u00f3ry zgodnie z informacjami producenta wykorzystuje&hellip;","_links":{"self":[{"href":"https:\/\/audiomed.com.pl\/apt\/wp-json\/wp\/v2\/product\/370","targetHints":{"allow":["GET"]}}],"collection":[{"href":"https:\/\/audiomed.com.pl\/apt\/wp-json\/wp\/v2\/product"}],"about":[{"href":"https:\/\/audiomed.com.pl\/apt\/wp-json\/wp\/v2\/types\/product"}],"replies":[{"embeddable":true,"href":"https:\/\/audiomed.com.pl\/apt\/wp-json\/wp\/v2\/comments?post=370"}],"wp:featuredmedia":[{"embeddable":true,"href":"https:\/\/audiomed.com.pl\/apt\/wp-json\/wp\/v2\/media\/377"}],"wp:attachment":[{"href":"https:\/\/audiomed.com.pl\/apt\/wp-json\/wp\/v2\/media?parent=370"}],"wp:term":[{"taxonomy":"product_brand","embeddable":true,"href":"https:\/\/audiomed.com.pl\/apt\/wp-json\/wp\/v2\/product_brand?post=370"},{"taxonomy":"product_cat","embeddable":true,"href":"https:\/\/audiomed.com.pl\/apt\/wp-json\/wp\/v2\/product_cat?post=370"},{"taxonomy":"product_tag","embeddable":true,"href":"https:\/\/audiomed.com.pl\/apt\/wp-json\/wp\/v2\/product_tag?post=370"}],"curies":[{"name":"wp","href":"https:\/\/api.w.org\/{rel}","templated":true}]}}